{"id":9335,"date":"2021-04-08T10:16:51","date_gmt":"2021-04-08T08:16:51","guid":{"rendered":"http:\/\/energetisch.fit\/?post_type=konzepte&#038;p=9335"},"modified":"2021-04-08T10:21:00","modified_gmt":"2021-04-08T08:21:00","slug":"analise-do-campo-de-energia","status":"publish","type":"konzepte","link":"https:\/\/energetisch.fit\/pt\/konzepte\/energiefeld-analyse\/","title":{"rendered":"An\u00e1lise do campo de energia"},"content":{"rendered":"<p>Conceito\/modelo: <strong>An\u00e1lise do campo de energia (aura)<\/strong><\/p>\n\n\n\n<div class=\"wp-block-columns is-layout-flex wp-container-core-columns-is-layout-9d6595d7 wp-block-columns-is-layout-flex\">\n<div class=\"wp-block-column is-layout-flow wp-block-column-is-layout-flow\">\n<p><\/p>\n\n\n\n<p>Com o m\u00f3dulo \u201eAn\u00e1lise do Campo de Energia\u201c, a aura (campo de energia) de v\u00e1rios \u00f3rg\u00e3os e \u00e1reas de \u00f3rg\u00e3os pode ser visualizada e os bloqueios correspondentes podem se tornar vis\u00edveis e tratados energeticamente. Voc\u00ea tamb\u00e9m pode carregar suas pr\u00f3prias imagens e, aqui, os campos de aura e os bloqueios tamb\u00e9m podem ser escaneados e processados.<\/p>\n\n\n\n<p><\/p>\n\n\n\n<p>Um teste de influ\u00eancia pode ent\u00e3o ser usado para identificar as v\u00e1rias causas do problema. <strong>Bloqueios no campo energ\u00e9tico<\/strong> s\u00e3o visualizados e tamb\u00e9m processados. Os t\u00f3picos de causa raiz podem ser selecionados individualmente ou analisados como um todo.<br><\/p>\n\n\n\n<p><\/p>\n\n\n\n<p>O Infotest oferece outra op\u00e7\u00e3o,&nbsp;<strong>Energias, ess\u00eancias, rem\u00e9dios<\/strong>&nbsp;ou tamb\u00e9m&nbsp;<strong>Afirma\u00e7\u00f5es<\/strong>&nbsp;para testar e transferir textos. Voc\u00ea pode inserir seus pr\u00f3prios textos e, de forma semelhante a um&nbsp;<strong>teste muscular cinesiol\u00f3gico, p\u00eandulo<\/strong>&nbsp;ou&nbsp;<strong>Biotensor<\/strong>&nbsp;analisadas e as informa\u00e7\u00f5es corrigidas e otimizadas.<\/p>\n\n\n\n<p><\/p>\n\n\n\n<div class=\"wp-block-columns is-layout-flex wp-container-core-columns-is-layout-9d6595d7 wp-block-columns-is-layout-flex\">\n<div class=\"wp-block-column is-layout-flow wp-block-column-is-layout-flow\">\n<figure class=\"wp-block-embed is-type-video is-provider-youtube wp-block-embed-youtube wp-embed-aspect-16-9 wp-has-aspect-ratio\"><div class=\"wp-block-embed__wrapper\">\n<iframe loading=\"lazy\" title=\"Nova an\u00e1lise do campo de energia em energetisch.fit\" width=\"500\" height=\"281\" src=\"https:\/\/www.youtube.com\/embed\/7MsStW3b-vw?feature=oembed\" frameborder=\"0\" allow=\"accelerometer; autoplay; clipboard-write; encrypted-media; gyroscope; picture-in-picture; web-share\" referrerpolicy=\"strict-origin-when-cross-origin\" allowfullscreen><\/iframe>\n<\/div><\/figure>\n<\/div>\n\n\n\n<div class=\"wp-block-column is-layout-flow wp-block-column-is-layout-flow\">\n<figure class=\"wp-block-embed is-type-video is-provider-youtube wp-block-embed-youtube wp-embed-aspect-16-9 wp-has-aspect-ratio\"><div class=\"wp-block-embed__wrapper\">\n<iframe loading=\"lazy\" title=\"energetisch.fit - an\u00e1lise do campo de energia \/ sistemas de \u00f3rg\u00e3os\" width=\"500\" height=\"281\" src=\"https:\/\/www.youtube.com\/embed\/VH_yAHVEFo8?feature=oembed\" frameborder=\"0\" allow=\"accelerometer; autoplay; clipboard-write; encrypted-media; gyroscope; picture-in-picture; web-share\" referrerpolicy=\"strict-origin-when-cross-origin\" allowfullscreen><\/iframe>\n<\/div><\/figure>\n<\/div>\n\n\n\n<div class=\"wp-block-column is-layout-flow wp-block-column-is-layout-flow\">\n<figure class=\"wp-block-embed is-type-video is-provider-youtube wp-block-embed-youtube wp-embed-aspect-16-9 wp-has-aspect-ratio\"><div class=\"wp-block-embed__wrapper\">\n<iframe loading=\"lazy\" title=\"Carregue sua pr\u00f3pria imagem ou plano de fundo\" width=\"500\" height=\"281\" src=\"https:\/\/www.youtube.com\/embed\/8kXkmGLbJU8?feature=oembed\" frameborder=\"0\" allow=\"accelerometer; autoplay; clipboard-write; encrypted-media; gyroscope; picture-in-picture; web-share\" referrerpolicy=\"strict-origin-when-cross-origin\" allowfullscreen><\/iframe>\n<\/div><\/figure>\n<\/div>\n<\/div>\n<\/div>\n<\/div>\n\n\n\n<h2 class=\"wp-block-heading\"><strong>V\u00e1rias op\u00e7\u00f5es - do iniciante ao profissional!<\/strong><\/h2>\n\n\n\n<p class=\"wp-embed-aspect-16-9 wp-has-aspect-ratio\"><strong>An\u00e1lise do campo de energia<\/strong> est\u00e1 dispon\u00edvel em 3 tamanhos diferentes:<\/p>\n\n\n\n<div class=\"wp-block-columns is-layout-flex wp-container-core-columns-is-layout-9d6595d7 wp-block-columns-is-layout-flex\">\n<div class=\"wp-block-column is-layout-flow wp-block-column-is-layout-flow\">\n<p><strong>An\u00e1lise do campo de energia mini<\/strong><\/p>\n\n\n\n<figure class=\"wp-block-table is-style-stripes\"><table class=\"has-fixed-layout\"><tbody><tr><td><strong>Categorias<\/strong>: <br>- Campo de energia corporal<\/td><\/tr><tr><td><\/td><\/tr><\/tbody><\/table><\/figure>\n<\/div>\n\n\n\n<div class=\"wp-block-column is-layout-flow wp-block-column-is-layout-flow\">\n<p><strong><strong>An\u00e1lise do campo de energia<\/strong> B\u00e1sico<\/strong><\/p>\n\n\n\n<figure class=\"wp-block-table is-style-stripes\"><table class=\"has-fixed-layout\"><tbody><tr><td><strong>Categorias<\/strong>:<br>- Campo de energia corporal<br>- Sistemas de \u00f3rg\u00e3os<\/td><\/tr><tr><td><\/td><\/tr><\/tbody><\/table><\/figure>\n<\/div>\n\n\n\n<div class=\"wp-block-column is-layout-flow wp-block-column-is-layout-flow\">\n<p><strong><strong>An\u00e1lise do campo de energia<\/strong> Especialista<\/strong><\/p>\n\n\n\n<figure class=\"wp-block-table is-style-stripes\"><table class=\"has-fixed-layout\"><tbody><tr><td><strong>Categorias<\/strong>:<br>- Campo de energia corporal<br>- Sistemas de \u00f3rg\u00e3os<br>- Respira\u00e7\u00e3o<br>- Digest\u00e3o<br>- Sistema cardiovascular<br>- Movimento<br>- Neven<br>- Linfa<br>- \u00d3rg\u00e3os urin\u00e1rios<br>- Gl\u00e2ndulas<br>- Sentidos<br>- Pele Cabelo N\u00e4gle<br>- Genitais<\/td><\/tr><tr><td><\/td><\/tr><\/tbody><\/table><\/figure>\n<\/div>\n<\/div>\n\n\n\n<p><strong>Adequado para:<\/strong><\/p>\n\n\n\n<p>M\u00e9dicos, curandeiros naturais\/naturopatas, psic\u00f3logos, treinadores de sa\u00fade, energizadores<\/p>","protected":false},"excerpt":{"rendered":"<p>Konzept\/Vorlage: Energiefeld (Aura) Analyse Mit dem &#8222;Energiefeld-Analyse&#8220; Modul kann die Aura (Energiefeld) verschiedener Organ und Organbereiche sichtbar gemacht und die entsprechenden Blockaden sichtbar gemacht und energetisch behandelt werden. Es k\u00f6nnen auch eigene Bilder hochgeladen &#8211; und auch hier k\u00f6nnen die Aurafelder und Blockaden gescannt und bearbeitet werden. \u00dcber einen Einflusstest k\u00f6nnen dann die verschiedenen Ursachen [&hellip;]<\/p>\n","protected":false},"author":1,"featured_media":0,"parent":0,"menu_order":0,"template":"","format":"standard","meta":{"_acf_changed":false,"footnotes":""},"konzepte_category":[309,307,322,329,310,311,308],"konzepte_tags":[330,318,323,319,312,314,316,324,315,328,313],"class_list":["post-9335","konzepte","type-konzepte","status-publish","format-standard","hentry","konzepte_category-berater","konzepte_category-coach","konzepte_category-energetiker","konzepte_category-geistheiler","konzepte_category-privat","konzepte_category-spirituell","konzepte_category-therapeut","konzepte_tags-beziehung","konzepte_tags-business","konzepte_tags-energie","konzepte_tags-erfolg","konzepte_tags-gesundheit","konzepte_tags-krankheitsursachen","konzepte_tags-neue-medizin","konzepte_tags-persoenlichkeit","konzepte_tags-psychologie","konzepte_tags-spiritualitaet","konzepte_tags-therapie"],"acf":[],"_links":{"self":[{"href":"https:\/\/energetisch.fit\/pt\/wp-json\/wp\/v2\/konzepte\/9335","targetHints":{"allow":["GET"]}}],"collection":[{"href":"https:\/\/energetisch.fit\/pt\/wp-json\/wp\/v2\/konzepte"}],"about":[{"href":"https:\/\/energetisch.fit\/pt\/wp-json\/wp\/v2\/types\/konzepte"}],"author":[{"embeddable":true,"href":"https:\/\/energetisch.fit\/pt\/wp-json\/wp\/v2\/users\/1"}],"version-history":[{"count":0,"href":"https:\/\/energetisch.fit\/pt\/wp-json\/wp\/v2\/konzepte\/9335\/revisions"}],"wp:attachment":[{"href":"https:\/\/energetisch.fit\/pt\/wp-json\/wp\/v2\/media?parent=9335"}],"wp:term":[{"taxonomy":"konzepte_category","embeddable":true,"href":"https:\/\/energetisch.fit\/pt\/wp-json\/wp\/v2\/konzepte_category?post=9335"},{"taxonomy":"konzepte_tags","embeddable":true,"href":"https:\/\/energetisch.fit\/pt\/wp-json\/wp\/v2\/konzepte_tags?post=9335"}],"curies":[{"name":"wp","href":"https:\/\/api.w.org\/{rel}","templated":true}]}}

Análise do campo de energia

<p>Conceito/modelo: <strong>Análise do campo de energia (aura)</strong></p>



<div class="wp-block-columns is-layout-flex wp-container-core-columns-is-layout-9d6595d7 wp-block-columns-is-layout-flex">
<div class="wp-block-column is-layout-flow wp-block-column-is-layout-flow">
<p></p>



<p>Com o módulo „Análise do Campo de Energia“, a aura (campo de energia) de vários órgãos e áreas de órgãos pode ser visualizada e os bloqueios correspondentes podem se tornar visíveis e tratados energeticamente. Você também pode carregar suas próprias imagens e, aqui, os campos de aura e os bloqueios também podem ser escaneados e processados.</p>



<p></p>



<p>Um teste de influência pode então ser usado para identificar as várias causas do problema. <strong>Bloqueios no campo energético</strong> são visualizados e também processados. Os tópicos de causa raiz podem ser selecionados individualmente ou analisados como um todo.<br></p>



<p></p>



<p>O Infotest oferece outra opção,&nbsp;<strong>Energias, essências, remédios</strong>&nbsp;ou também&nbsp;<strong>Afirmações</strong>&nbsp;para testar e transferir textos. Você pode inserir seus próprios textos e, de forma semelhante a um&nbsp;<strong>teste muscular cinesiológico, pêndulo</strong>&nbsp;ou&nbsp;<strong>Biotensor</strong>&nbsp;analisadas e as informações corrigidas e otimizadas.</p>



<p></p>



<div class="wp-block-columns is-layout-flex wp-container-core-columns-is-layout-9d6595d7 wp-block-columns-is-layout-flex">
<div class="wp-block-column is-layout-flow wp-block-column-is-layout-flow">
<figure class="wp-block-embed is-type-video is-provider-youtube wp-block-embed-youtube wp-embed-aspect-16-9 wp-has-aspect-ratio"><div class="wp-block-embed__wrapper">
<iframe loading="lazy" title="Nova análise do campo de energia em energetisch.fit" width="500" height="281" src="https://www.youtube.com/embed/7MsStW3b-vw?feature=oembed" frameborder="0" allow="accelerometer; autoplay; clipboard-write; encrypted-media; gyroscope; picture-in-picture; web-share" referrerpolicy="strict-origin-when-cross-origin" allowfullscreen></iframe>
</div></figure>
</div>



<div class="wp-block-column is-layout-flow wp-block-column-is-layout-flow">
<figure class="wp-block-embed is-type-video is-provider-youtube wp-block-embed-youtube wp-embed-aspect-16-9 wp-has-aspect-ratio"><div class="wp-block-embed__wrapper">
<iframe loading="lazy" title="energetisch.fit - análise do campo de energia / sistemas de órgãos" width="500" height="281" src="https://www.youtube.com/embed/VH_yAHVEFo8?feature=oembed" frameborder="0" allow="accelerometer; autoplay; clipboard-write; encrypted-media; gyroscope; picture-in-picture; web-share" referrerpolicy="strict-origin-when-cross-origin" allowfullscreen></iframe>
</div></figure>
</div>



<div class="wp-block-column is-layout-flow wp-block-column-is-layout-flow">
<figure class="wp-block-embed is-type-video is-provider-youtube wp-block-embed-youtube wp-embed-aspect-16-9 wp-has-aspect-ratio"><div class="wp-block-embed__wrapper">
<iframe loading="lazy" title="Carregue sua própria imagem ou plano de fundo" width="500" height="281" src="https://www.youtube.com/embed/8kXkmGLbJU8?feature=oembed" frameborder="0" allow="accelerometer; autoplay; clipboard-write; encrypted-media; gyroscope; picture-in-picture; web-share" referrerpolicy="strict-origin-when-cross-origin" allowfullscreen></iframe>
</div></figure>
</div>
</div>
</div>
</div>



<h2 class="wp-block-heading"><strong>Várias opções - do iniciante ao profissional!</strong></h2>



<p class="wp-embed-aspect-16-9 wp-has-aspect-ratio"><strong>Análise do campo de energia</strong> está disponível em 3 tamanhos diferentes:</p>



<div class="wp-block-columns is-layout-flex wp-container-core-columns-is-layout-9d6595d7 wp-block-columns-is-layout-flex">
<div class="wp-block-column is-layout-flow wp-block-column-is-layout-flow">
<p><strong>Análise do campo de energia mini</strong></p>



<figure class="wp-block-table is-style-stripes"><table class="has-fixed-layout"><tbody><tr><td><strong>Categorias</strong>: <br>- Campo de energia corporal</td></tr><tr><td></td></tr></tbody></table></figure>
</div>



<div class="wp-block-column is-layout-flow wp-block-column-is-layout-flow">
<p><strong><strong>Análise do campo de energia</strong> Básico</strong></p>



<figure class="wp-block-table is-style-stripes"><table class="has-fixed-layout"><tbody><tr><td><strong>Categorias</strong>:<br>- Campo de energia corporal<br>- Sistemas de órgãos</td></tr><tr><td></td></tr></tbody></table></figure>
</div>



<div class="wp-block-column is-layout-flow wp-block-column-is-layout-flow">
<p><strong><strong>Análise do campo de energia</strong> Especialista</strong></p>



<figure class="wp-block-table is-style-stripes"><table class="has-fixed-layout"><tbody><tr><td><strong>Categorias</strong>:<br>- Campo de energia corporal<br>- Sistemas de órgãos<br>- Respiração<br>- Digestão<br>- Sistema cardiovascular<br>- Movimento<br>- Neven<br>- Linfa<br>- Órgãos urinários<br>- Glândulas<br>- Sentidos<br>- Pele Cabelo Nägle<br>- Genitais</td></tr><tr><td></td></tr></tbody></table></figure>
</div>
</div>



<p><strong>Adequado para:</strong></p>



<p>Médicos, curandeiros naturais/naturopatas, psicólogos, treinadores de saúde, energizadores</p>

<p>Konzept/Vorlage: Energiefeld (Aura) Analyse Mit dem &#8222;Energiefeld-Analyse&#8220; Modul kann die Aura (Energiefeld) verschiedener Organ und Organbereiche sichtbar gemacht und die entsprechenden Blockaden sichtbar gemacht und energetisch behandelt werden. Es können auch eigene Bilder hochgeladen &#8211; und auch hier können die Aurafelder und Blockaden gescannt und bearbeitet werden. Über einen Einflusstest können dann die verschiedenen Ursachen [&hellip;]</p>
