{"id":9103,"date":"2021-03-31T18:37:44","date_gmt":"2021-03-31T16:37:44","guid":{"rendered":"http:\/\/energetisch.fit\/?post_type=konzepte&#038;p=9103"},"modified":"2021-03-31T18:37:50","modified_gmt":"2021-03-31T16:37:50","slug":"afirmacoes","status":"publish","type":"konzepte","link":"https:\/\/energetisch.fit\/pt\/konzepte\/affirmationen\/","title":{"rendered":"Afirma\u00e7\u00f5es"},"content":{"rendered":"<p>Conceito\/modelo: <strong>Afirma\u00e7\u00f5es<\/strong><\/p>\n\n\n\n<hr class=\"wp-block-separator is-style-wide\"\/>\n\n\n\n<ul class=\"wp-block-list\"><li>Sucesso e vontade<\/li><li>Fam\u00edlia e origem<\/li><li>Amor e parceria<\/li><li>Deixar ir e perdoar<\/li><li>\u00d3rg\u00e3os e autocura<\/li><li>Autoestima e autoconfian\u00e7a<\/li><li>Prosperidade e abund\u00e2ncia<\/li><li>Hoje<\/li><li>Prote\u00e7\u00e3o<\/li><\/ul>\n\n\n\n<div class=\"wp-block-columns is-layout-flex wp-container-core-columns-is-layout-9d6595d7 wp-block-columns-is-layout-flex\">\n<div class=\"wp-block-column is-layout-flow wp-block-column-is-layout-flow\">\n<p><\/p>\n\n\n\n<p>Com o conceito de \u201eafirma\u00e7\u00f5es\u201c, 9 diferentes quest\u00f5es principais da vida s\u00e3o analisadas, corrigidas e otimizadas por meio de afirma\u00e7\u00f5es.<\/p>\n<\/div>\n<\/div>\n\n\n\n<p><\/p>\n\n\n\n<p>As afirma\u00e7\u00f5es s\u00e3o frases de programa\u00e7\u00e3o que ajudam a \u201ereprogramar\u201c o subconsciente. O objetivo \u00e9 romper bloqueios e padr\u00f5es de comportamento negativos e substitu\u00ed-los por novas cren\u00e7as. O pr\u00e9-requisito \u00e9 a disposi\u00e7\u00e3o de se envolver consigo mesmo e de realmente querer resolver seus pr\u00f3prios problemas.<\/p>\n\n\n\n<p><\/p>\n\n\n\n<p><strong>Conte\u00fado (731 registros de dados):<\/strong><\/p>\n\n\n\n<p><em>Sucesso e vontade:<\/em><\/p>\n\n\n\n<p>A afirma\u00e7\u00e3o para o sucesso e a vontade ap\u00f3iam uma atitude positiva e a disposi\u00e7\u00e3o para o sucesso e a vontade de se tornar e permanecer bem-sucedido.<\/p>\n\n\n\n<p><\/p>\n\n\n\n<p><em>Fam\u00edlia e origem:<\/em><\/p>\n\n\n\n<p>As afirma\u00e7\u00f5es para fam\u00edlia e origem ajudam a resolver quest\u00f5es familiares antigas e padr\u00f5es herdados a fim de levar uma vida livre e autodeterminada.<\/p>\n\n\n\n<p><\/p>\n\n\n\n<p><em>Amor e parceria:<\/em><\/p>\n\n\n\n<p>As afirma\u00e7\u00f5es para o amor e a parceria apoiam e ajudam voc\u00ea a viver e desfrutar da \u201euni\u00e3o\u201c em todas as suas facetas (sexualidade, confian\u00e7a, liberdade...)<\/p>\n\n\n\n<p><\/p>\n\n\n\n<p><em>Deixar ir e perdoar:<\/em><\/p>\n\n\n\n<p>As afirma\u00e7\u00f5es para deixar ir e perdoar nos permitem, em primeiro lugar, levar uma vida livre. Ao mesmo tempo, perdoamos e \u201eabsolvemos\u201c a n\u00f3s mesmos e aos outros, liberando, assim, envolvimentos e conex\u00f5es desnecess\u00e1rios.<\/p>\n\n\n\n<p><\/p>\n\n\n\n<p><em>\u00d3rg\u00e3os e autocura:<\/em><\/p>\n\n\n\n<p>As afirma\u00e7\u00f5es para \u00f3rg\u00e3os e autocura ap\u00f3iam nosso corpo e psique para uma cura e autocura ideais.<\/p>\n\n\n\n<p><\/p>\n\n\n\n<p><em>Autoestima e autoconfian\u00e7a:<\/em><\/p>\n\n\n\n<p>As afirma\u00e7\u00f5es para autoestima e autoconfian\u00e7a fortalecem nosso amor-pr\u00f3prio e nossa autoconsci\u00eancia. Como resultado, nos tornamos uma personalidade est\u00e1vel e forte.<\/p>\n\n\n\n<p><\/p>\n\n\n\n<p><em>Prosperidade e abund\u00e2ncia:<\/em><\/p>\n\n\n\n<p>As afirma\u00e7\u00f5es de prosperidade e abund\u00e2ncia eliminam os medos existenciais, fortalecem nossa confian\u00e7a b\u00e1sica e nos abrem para a abund\u00e2ncia da vida, de modo que \u201eestamos bem\u201c.<\/p>\n\n\n\n<p><\/p>\n\n\n\n<p><em>Hoje:<\/em><\/p>\n\n\n\n<p>As afirma\u00e7\u00f5es de hoje d\u00e3o novo \u00edmpeto todos os dias para dominar conscientemente as quest\u00f5es em quest\u00e3o de uma maneira mais forte.<\/p>\n\n\n\n<p><\/p>\n\n\n\n<p><em>Prote\u00e7\u00e3o:<\/em><\/p>\n\n\n\n<p>As afirma\u00e7\u00f5es de prote\u00e7\u00e3o nos fortalecem e protegem contra todos os tipos de energias negativas ou influentes e situa\u00e7\u00f5es da vida.<\/p>\n\n\n\n<p><\/p>\n\n\n\n<p><strong>Adequado para:<\/strong><\/p>\n\n\n\n<p>M\u00e9dicos, curandeiros naturais\/naturopatas, psic\u00f3logos, treinadores de sa\u00fade, energizadores<\/p>","protected":false},"excerpt":{"rendered":"<p>Konzept\/Vorlage: Affirmationen Erfolg und Wille Familie und Herkunft Liebe und Partnerschaft Loslassen und Vergeben Organe und Selbstheilung Selbstwert und Selbstvertrauen Wohlstand und F\u00fclle Heute Schutz Mit dem Konzept der \u201eAffirmationen\u201c werden 9 verschiedene Hauptthemen des Lebens analysiert und durch Affirmationen korrigiert und optimiert. Affirmationen sind Programmiers\u00e4tze, die dabei helfen, das Unterbewusstsein &#8222;umzuprogrammieren&#8220;. Ziel ist, Blockaden [&hellip;]<\/p>\n","protected":false},"author":1,"featured_media":0,"parent":0,"menu_order":0,"template":"","format":"standard","meta":{"_acf_changed":false,"footnotes":""},"konzepte_category":[317,309,307,322,310,311,308],"konzepte_tags":[318,323,319,312,314,316,324,315,313],"class_list":["post-9103","konzepte","type-konzepte","status-publish","format-standard","hentry","konzepte_category-aufsteller","konzepte_category-berater","konzepte_category-coach","konzepte_category-energetiker","konzepte_category-privat","konzepte_category-spirituell","konzepte_category-therapeut","konzepte_tags-business","konzepte_tags-energie","konzepte_tags-erfolg","konzepte_tags-gesundheit","konzepte_tags-krankheitsursachen","konzepte_tags-neue-medizin","konzepte_tags-persoenlichkeit","konzepte_tags-psychologie","konzepte_tags-therapie"],"acf":[],"_links":{"self":[{"href":"https:\/\/energetisch.fit\/pt\/wp-json\/wp\/v2\/konzepte\/9103","targetHints":{"allow":["GET"]}}],"collection":[{"href":"https:\/\/energetisch.fit\/pt\/wp-json\/wp\/v2\/konzepte"}],"about":[{"href":"https:\/\/energetisch.fit\/pt\/wp-json\/wp\/v2\/types\/konzepte"}],"author":[{"embeddable":true,"href":"https:\/\/energetisch.fit\/pt\/wp-json\/wp\/v2\/users\/1"}],"version-history":[{"count":0,"href":"https:\/\/energetisch.fit\/pt\/wp-json\/wp\/v2\/konzepte\/9103\/revisions"}],"wp:attachment":[{"href":"https:\/\/energetisch.fit\/pt\/wp-json\/wp\/v2\/media?parent=9103"}],"wp:term":[{"taxonomy":"konzepte_category","embeddable":true,"href":"https:\/\/energetisch.fit\/pt\/wp-json\/wp\/v2\/konzepte_category?post=9103"},{"taxonomy":"konzepte_tags","embeddable":true,"href":"https:\/\/energetisch.fit\/pt\/wp-json\/wp\/v2\/konzepte_tags?post=9103"}],"curies":[{"name":"wp","href":"https:\/\/api.w.org\/{rel}","templated":true}]}}

Afirmações

<p>Conceito/modelo: <strong>Afirmações</strong></p>



<hr class="wp-block-separator is-style-wide"/>



<ul class="wp-block-list"><li>Sucesso e vontade</li><li>Família e origem</li><li>Amor e parceria</li><li>Deixar ir e perdoar</li><li>Órgãos e autocura</li><li>Autoestima e autoconfiança</li><li>Prosperidade e abundância</li><li>Hoje</li><li>Proteção</li></ul>



<div class="wp-block-columns is-layout-flex wp-container-core-columns-is-layout-9d6595d7 wp-block-columns-is-layout-flex">
<div class="wp-block-column is-layout-flow wp-block-column-is-layout-flow">
<p></p>



<p>Com o conceito de „afirmações“, 9 diferentes questões principais da vida são analisadas, corrigidas e otimizadas por meio de afirmações.</p>
</div>
</div>



<p></p>



<p>As afirmações são frases de programação que ajudam a „reprogramar“ o subconsciente. O objetivo é romper bloqueios e padrões de comportamento negativos e substituí-los por novas crenças. O pré-requisito é a disposição de se envolver consigo mesmo e de realmente querer resolver seus próprios problemas.</p>



<p></p>



<p><strong>Conteúdo (731 registros de dados):</strong></p>



<p><em>Sucesso e vontade:</em></p>



<p>A afirmação para o sucesso e a vontade apóiam uma atitude positiva e a disposição para o sucesso e a vontade de se tornar e permanecer bem-sucedido.</p>



<p></p>



<p><em>Família e origem:</em></p>



<p>As afirmações para família e origem ajudam a resolver questões familiares antigas e padrões herdados a fim de levar uma vida livre e autodeterminada.</p>



<p></p>



<p><em>Amor e parceria:</em></p>



<p>As afirmações para o amor e a parceria apoiam e ajudam você a viver e desfrutar da „união“ em todas as suas facetas (sexualidade, confiança, liberdade...)</p>



<p></p>



<p><em>Deixar ir e perdoar:</em></p>



<p>As afirmações para deixar ir e perdoar nos permitem, em primeiro lugar, levar uma vida livre. Ao mesmo tempo, perdoamos e „absolvemos“ a nós mesmos e aos outros, liberando, assim, envolvimentos e conexões desnecessários.</p>



<p></p>



<p><em>Órgãos e autocura:</em></p>



<p>As afirmações para órgãos e autocura apóiam nosso corpo e psique para uma cura e autocura ideais.</p>



<p></p>



<p><em>Autoestima e autoconfiança:</em></p>



<p>As afirmações para autoestima e autoconfiança fortalecem nosso amor-próprio e nossa autoconsciência. Como resultado, nos tornamos uma personalidade estável e forte.</p>



<p></p>



<p><em>Prosperidade e abundância:</em></p>



<p>As afirmações de prosperidade e abundância eliminam os medos existenciais, fortalecem nossa confiança básica e nos abrem para a abundância da vida, de modo que „estamos bem“.</p>



<p></p>



<p><em>Hoje:</em></p>



<p>As afirmações de hoje dão novo ímpeto todos os dias para dominar conscientemente as questões em questão de uma maneira mais forte.</p>



<p></p>



<p><em>Proteção:</em></p>



<p>As afirmações de proteção nos fortalecem e protegem contra todos os tipos de energias negativas ou influentes e situações da vida.</p>



<p></p>



<p><strong>Adequado para:</strong></p>



<p>Médicos, curandeiros naturais/naturopatas, psicólogos, treinadores de saúde, energizadores</p>

<p>Konzept/Vorlage: Affirmationen Erfolg und Wille Familie und Herkunft Liebe und Partnerschaft Loslassen und Vergeben Organe und Selbstheilung Selbstwert und Selbstvertrauen Wohlstand und Fülle Heute Schutz Mit dem Konzept der „Affirmationen“ werden 9 verschiedene Hauptthemen des Lebens analysiert und durch Affirmationen korrigiert und optimiert. Affirmationen sind Programmiersätze, die dabei helfen, das Unterbewusstsein &#8222;umzuprogrammieren&#8220;. Ziel ist, Blockaden [&hellip;]</p>
