{"id":8806,"date":"2021-03-26T12:16:07","date_gmt":"2021-03-26T11:16:07","guid":{"rendered":"http:\/\/energetisch.fit\/?post_type=konzepte&#038;p=8806"},"modified":"2021-03-31T10:56:30","modified_gmt":"2021-03-31T08:56:30","slug":"status-de-energia","status":"publish","type":"konzepte","link":"https:\/\/energetisch.fit\/pt\/konzepte\/energiestatus\/","title":{"rendered":"Status de energia"},"content":{"rendered":"<p>Conceito\/modelo: <strong>Status de energia<\/strong><\/p>\n\n\n\n<hr class=\"wp-block-separator is-style-wide\"\/>\n\n\n\n<ul class=\"wp-block-list\"><li>Status de energia<\/li><li>N\u00edvel<\/li><li>Chakra<\/li><li>Meridiano<\/li><li>Sua<\/li><\/ul>\n\n\n\n<div class=\"wp-block-columns is-layout-flex wp-container-core-columns-is-layout-9d6595d7 wp-block-columns-is-layout-flex\">\n<div class=\"wp-block-column is-layout-flow wp-block-column-is-layout-flow\">\n<p><\/p>\n\n\n\n<p>O status de energia \u00e9 ideal tanto para iniciantes quanto para usu\u00e1rios avan\u00e7ados. Esse conceito simples cont\u00e9m a \u201eferramenta b\u00e1sica\u201c, por assim dizer, para reconhecer e otimizar as energias do corpo, da mente e da alma.<\/p>\n<\/div>\n<\/div>\n\n\n\n<figure class=\"wp-block-embed is-type-video is-provider-youtube wp-block-embed-youtube wp-embed-aspect-16-9 wp-has-aspect-ratio\"><div class=\"wp-block-embed__wrapper\">\n<iframe loading=\"lazy\" title=\"Status de energia: an\u00e1lise e interpreta\u00e7\u00e3o\" width=\"500\" height=\"281\" src=\"https:\/\/www.youtube.com\/embed\/JuY9jysBUQk?feature=oembed\" frameborder=\"0\" allow=\"accelerometer; autoplay; clipboard-write; encrypted-media; gyroscope; picture-in-picture; web-share\" referrerpolicy=\"strict-origin-when-cross-origin\" allowfullscreen><\/iframe>\n<\/div><\/figure>\n\n\n\n<p><\/p>\n\n\n\n<p>Uma boa energia b\u00e1sica em todos os n\u00edveis \u00e9 o pr\u00e9-requisito para uma vida saud\u00e1vel e feliz. Se a energia nos chakras e meridianos tamb\u00e9m estiver equilibrada, nosso \u201eser\u201c poder\u00e1 se desenvolver.<\/p>\n\n\n\n<p><\/p>\n\n\n\n<p><strong>Conte\u00fado (43 registros de dados):<\/strong><\/p>\n\n\n\n<p><em>Status de energia:<\/em><\/p>\n\n\n\n<p>Os componentes e as qualidades mais importantes para uma energia ideal e um fluxo de energia ideal podem ser analisados e otimizados aqui.<\/p>\n\n\n\n<p><\/p>\n\n\n\n<p><em>N\u00edvel:<\/em><\/p>\n\n\n\n<p>O esquema analisa em quais n\u00edveis o fornecimento de energia suficiente est\u00e1 dispon\u00edvel.<\/p>\n\n\n\n<p><\/p>\n\n\n\n<p><em>Chakra:<\/em><\/p>\n\n\n\n<p>Os chakras mostram o processamento das emo\u00e7\u00f5es e as atividades do sistema nervoso.<\/p>\n\n\n\n<p><\/p>\n\n\n\n<p><em>Meridianos:<\/em><\/p>\n\n\n\n<p>A an\u00e1lise dos meridianos permite que voc\u00ea reconhe\u00e7a o suprimento de energia para os \u00f3rg\u00e3os.<\/p>\n\n\n\n<p><\/p>\n\n\n\n<p><em>Ser:<\/em><\/p>\n\n\n\n<p>A An\u00e1lise do Ser mostra em quais \u00e1reas da vida estamos viajando atualmente.<\/p>\n\n\n\n<p><\/p>\n\n\n\n<p><strong>Adequado para:<\/strong><\/p>\n\n\n\n<p>M\u00e9dicos, curandeiros naturais\/praticantes alternativos, psic\u00f3logos, treinadores de sa\u00fade, energ\u00e9ticos, ...<\/p>","protected":false},"excerpt":{"rendered":"<p>Konzept\/Vorlage: Energiestatus Energiestatus Ebene Chakra Meridian Sein Der Energiestatus eignet sich hervorragend f\u00fcr Anf\u00e4nger sowie auch fortgeschrittene Anwender. In diesem einfachen Konzept befindet sich sozusagen das &#8222;Grundwerkzeug&#8220; um die Energien f\u00fcr K\u00f6rper, Geist und Seele zu erkennen und zu optimieren. Eine gute Grundenergie auf allen Ebenen ist die Voraussetzung f\u00fcr ein gesundes und gl\u00fcckliches Leben. [&hellip;]<\/p>\n","protected":false},"author":1,"featured_media":0,"parent":0,"menu_order":0,"template":"","format":"standard","meta":{"_acf_changed":false,"footnotes":""},"konzepte_category":[309,307,322,310,311,308],"konzepte_tags":[318,323,312,314],"class_list":["post-8806","konzepte","type-konzepte","status-publish","format-standard","hentry","konzepte_category-berater","konzepte_category-coach","konzepte_category-energetiker","konzepte_category-privat","konzepte_category-spirituell","konzepte_category-therapeut","konzepte_tags-business","konzepte_tags-energie","konzepte_tags-gesundheit","konzepte_tags-krankheitsursachen"],"acf":[],"_links":{"self":[{"href":"https:\/\/energetisch.fit\/pt\/wp-json\/wp\/v2\/konzepte\/8806","targetHints":{"allow":["GET"]}}],"collection":[{"href":"https:\/\/energetisch.fit\/pt\/wp-json\/wp\/v2\/konzepte"}],"about":[{"href":"https:\/\/energetisch.fit\/pt\/wp-json\/wp\/v2\/types\/konzepte"}],"author":[{"embeddable":true,"href":"https:\/\/energetisch.fit\/pt\/wp-json\/wp\/v2\/users\/1"}],"version-history":[{"count":0,"href":"https:\/\/energetisch.fit\/pt\/wp-json\/wp\/v2\/konzepte\/8806\/revisions"}],"wp:attachment":[{"href":"https:\/\/energetisch.fit\/pt\/wp-json\/wp\/v2\/media?parent=8806"}],"wp:term":[{"taxonomy":"konzepte_category","embeddable":true,"href":"https:\/\/energetisch.fit\/pt\/wp-json\/wp\/v2\/konzepte_category?post=8806"},{"taxonomy":"konzepte_tags","embeddable":true,"href":"https:\/\/energetisch.fit\/pt\/wp-json\/wp\/v2\/konzepte_tags?post=8806"}],"curies":[{"name":"wp","href":"https:\/\/api.w.org\/{rel}","templated":true}]}}

<p>Conceito/modelo: <strong>Status de energia</strong></p>



<hr class="wp-block-separator is-style-wide"/>



<ul class="wp-block-list"><li>Status de energia</li><li>Nível</li><li>Chakra</li><li>Meridiano</li><li>Sua</li></ul>



<div class="wp-block-columns is-layout-flex wp-container-core-columns-is-layout-9d6595d7 wp-block-columns-is-layout-flex">
<div class="wp-block-column is-layout-flow wp-block-column-is-layout-flow">
<p></p>



<p>O status de energia é ideal tanto para iniciantes quanto para usuários avançados. Esse conceito simples contém a „ferramenta básica“, por assim dizer, para reconhecer e otimizar as energias do corpo, da mente e da alma.</p>
</div>
</div>



<figure class="wp-block-embed is-type-video is-provider-youtube wp-block-embed-youtube wp-embed-aspect-16-9 wp-has-aspect-ratio"><div class="wp-block-embed__wrapper">
<iframe loading="lazy" title="Status de energia: análise e interpretação" width="500" height="281" src="https://www.youtube.com/embed/JuY9jysBUQk?feature=oembed" frameborder="0" allow="accelerometer; autoplay; clipboard-write; encrypted-media; gyroscope; picture-in-picture; web-share" referrerpolicy="strict-origin-when-cross-origin" allowfullscreen></iframe>
</div></figure>



<p></p>



<p>Uma boa energia básica em todos os níveis é o pré-requisito para uma vida saudável e feliz. Se a energia nos chakras e meridianos também estiver equilibrada, nosso „ser“ poderá se desenvolver.</p>



<p></p>



<p><strong>Conteúdo (43 registros de dados):</strong></p>



<p><em>Status de energia:</em></p>



<p>Os componentes e as qualidades mais importantes para uma energia ideal e um fluxo de energia ideal podem ser analisados e otimizados aqui.</p>



<p></p>



<p><em>Nível:</em></p>



<p>O esquema analisa em quais níveis o fornecimento de energia suficiente está disponível.</p>



<p></p>



<p><em>Chakra:</em></p>



<p>Os chakras mostram o processamento das emoções e as atividades do sistema nervoso.</p>



<p></p>



<p><em>Meridianos:</em></p>



<p>A análise dos meridianos permite que você reconheça o suprimento de energia para os órgãos.</p>



<p></p>



<p><em>Ser:</em></p>



<p>A Análise do Ser mostra em quais áreas da vida estamos viajando atualmente.</p>



<p></p>



<p><strong>Adequado para:</strong></p>



<p>Médicos, curandeiros naturais/praticantes alternativos, psicólogos, treinadores de saúde, energéticos, ...</p>

<p>Konzept/Vorlage: Energiestatus Energiestatus Ebene Chakra Meridian Sein Der Energiestatus eignet sich hervorragend für Anfänger sowie auch fortgeschrittene Anwender. In diesem einfachen Konzept befindet sich sozusagen das &#8222;Grundwerkzeug&#8220; um die Energien für Körper, Geist und Seele zu erkennen und zu optimieren. Eine gute Grundenergie auf allen Ebenen ist die Voraussetzung für ein gesundes und glückliches Leben. [&hellip;]</p>
