{"id":19367,"date":"2023-07-11T08:43:01","date_gmt":"2023-07-11T06:43:01","guid":{"rendered":"http:\/\/energetisch.fit\/?post_type=konzepte&#038;p=19367"},"modified":"2023-07-11T08:43:10","modified_gmt":"2023-07-11T06:43:10","slug":"alergias","status":"publish","type":"konzepte","link":"https:\/\/energetisch.fit\/pt\/konzepte\/allergien\/","title":{"rendered":"Alergias"},"content":{"rendered":"<p>As alergias s\u00e3o rea\u00e7\u00f5es de hipersensibilidade do sistema imunol\u00f3gico a determinadas subst\u00e2ncias que normalmente s\u00e3o inofensivas para o corpo. Essas subst\u00e2ncias s\u00e3o conhecidas como al\u00e9rgenos e podem ter v\u00e1rios fatores desencadeantes, como p\u00f3len, pelos de animais, determinados alimentos, medicamentos ou \u00e1caros da poeira dom\u00e9stica.<\/p>\n\n\n\n<p>Quando uma pessoa com alergia entra em contato com a subst\u00e2ncia alerg\u00eanica, seu sistema imunol\u00f3gico reage de forma incomum. Ele produz anticorpos para combater o suposto intruso, o que pode levar a v\u00e1rios sintomas.<\/p>\n\n\n\n<p>Com o energetisch.fit, as v\u00e1rias alergias e alerg\u00eanicos podem ser analisados e corrigidos com as frequ\u00eancias.<\/p>\n\n\n\n<figure class=\"wp-block-embed is-type-video is-provider-youtube wp-block-embed-youtube wp-embed-aspect-16-9 wp-has-aspect-ratio\"><div class=\"wp-block-embed__wrapper\">\n<iframe loading=\"lazy\" title=\"Conceito\/modelo de alergias\" width=\"500\" height=\"281\" src=\"https:\/\/www.youtube.com\/embed\/pFCdvXCz-mA?feature=oembed\" frameborder=\"0\" allow=\"accelerometer; autoplay; clipboard-write; encrypted-media; gyroscope; picture-in-picture; web-share\" referrerpolicy=\"strict-origin-when-cross-origin\" allowfullscreen><\/iframe>\n<\/div><\/figure>\n\n\n\n<p><\/p>\n\n\n\n<p>Conte\u00fado:<\/p>\n\n\n\n<ul class=\"wp-block-list\">\n<li>Alergia principal<\/li>\n\n\n\n<li>Alergia a frutas<\/li>\n\n\n\n<li>Alergia a vegetais<\/li>\n\n\n\n<li>Alergia a cereais<\/li>\n\n\n\n<li>Alergia ao leite<\/li>\n\n\n\n<li>Alergia a carne\/peixe<\/li>\n\n\n\n<li>Alergia alimentar<\/li>\n\n\n\n<li>Alergia a aditivos<\/li>\n\n\n\n<li>Alergia a cabelos\/epit\u00e9lio\/pelos de animais<\/li>\n\n\n\n<li>Alergia a poeira\/inala\u00e7\u00e3o<\/li>\n\n\n\n<li>Alergia a p\u00f3len<\/li>\n\n\n\n<li>Alergia dom\u00e9stica\/ambiental<\/li>\n\n\n\n<li>Alergia a insetos<\/li>\n\n\n\n<li>Alergia a nozes<\/li>\n<\/ul>","protected":false},"excerpt":{"rendered":"<p>Allergien sind \u00fcberempfindliche Reaktionen des Immunsystems auf bestimmte Substanzen, die normalerweise f\u00fcr den K\u00f6rper harmlos sind. Diese Substanzen werden als Allergene bezeichnet und k\u00f6nnen verschiedene Ausl\u00f6ser haben, wie zum Beispiel Pollen, Tierhaare, bestimmte Lebensmittel, Medikamente oder Hausstaubmilben. Wenn eine Person mit einer Allergie in Kontakt mit dem allergenen Stoff kommt, reagiert ihr Immunsystem auf ungew\u00f6hnliche [&hellip;]<\/p>\n","protected":false},"author":1,"featured_media":0,"parent":0,"menu_order":0,"template":"","format":"standard","meta":{"_acf_changed":false,"footnotes":""},"konzepte_category":[317,309,307,322,329,310,308],"konzepte_tags":[323,319,312,314,316,324,313],"class_list":["post-19367","konzepte","type-konzepte","status-publish","format-standard","hentry","konzepte_category-aufsteller","konzepte_category-berater","konzepte_category-coach","konzepte_category-energetiker","konzepte_category-geistheiler","konzepte_category-privat","konzepte_category-therapeut","konzepte_tags-energie","konzepte_tags-erfolg","konzepte_tags-gesundheit","konzepte_tags-krankheitsursachen","konzepte_tags-neue-medizin","konzepte_tags-persoenlichkeit","konzepte_tags-therapie"],"acf":[],"_links":{"self":[{"href":"https:\/\/energetisch.fit\/pt\/wp-json\/wp\/v2\/konzepte\/19367","targetHints":{"allow":["GET"]}}],"collection":[{"href":"https:\/\/energetisch.fit\/pt\/wp-json\/wp\/v2\/konzepte"}],"about":[{"href":"https:\/\/energetisch.fit\/pt\/wp-json\/wp\/v2\/types\/konzepte"}],"author":[{"embeddable":true,"href":"https:\/\/energetisch.fit\/pt\/wp-json\/wp\/v2\/users\/1"}],"version-history":[{"count":0,"href":"https:\/\/energetisch.fit\/pt\/wp-json\/wp\/v2\/konzepte\/19367\/revisions"}],"wp:attachment":[{"href":"https:\/\/energetisch.fit\/pt\/wp-json\/wp\/v2\/media?parent=19367"}],"wp:term":[{"taxonomy":"konzepte_category","embeddable":true,"href":"https:\/\/energetisch.fit\/pt\/wp-json\/wp\/v2\/konzepte_category?post=19367"},{"taxonomy":"konzepte_tags","embeddable":true,"href":"https:\/\/energetisch.fit\/pt\/wp-json\/wp\/v2\/konzepte_tags?post=19367"}],"curies":[{"name":"wp","href":"https:\/\/api.w.org\/{rel}","templated":true}]}}

<p>As alergias são reações de hipersensibilidade do sistema imunológico a determinadas substâncias que normalmente são inofensivas para o corpo. Essas substâncias são conhecidas como alérgenos e podem ter vários fatores desencadeantes, como pólen, pelos de animais, determinados alimentos, medicamentos ou ácaros da poeira doméstica.</p>



<p>Quando uma pessoa com alergia entra em contato com a substância alergênica, seu sistema imunológico reage de forma incomum. Ele produz anticorpos para combater o suposto intruso, o que pode levar a vários sintomas.</p>



<p>Com o energetisch.fit, as várias alergias e alergênicos podem ser analisados e corrigidos com as frequências.</p>



<figure class="wp-block-embed is-type-video is-provider-youtube wp-block-embed-youtube wp-embed-aspect-16-9 wp-has-aspect-ratio"><div class="wp-block-embed__wrapper">
<iframe loading="lazy" title="Conceito/modelo de alergias" width="500" height="281" src="https://www.youtube.com/embed/pFCdvXCz-mA?feature=oembed" frameborder="0" allow="accelerometer; autoplay; clipboard-write; encrypted-media; gyroscope; picture-in-picture; web-share" referrerpolicy="strict-origin-when-cross-origin" allowfullscreen></iframe>
</div></figure>



<p></p>



<p>Conteúdo:</p>



<ul class="wp-block-list">
<li>Alergia principal</li>



<li>Alergia a frutas</li>



<li>Alergia a vegetais</li>



<li>Alergia a cereais</li>



<li>Alergia ao leite</li>



<li>Alergia a carne/peixe</li>



<li>Alergia alimentar</li>



<li>Alergia a aditivos</li>



<li>Alergia a cabelos/epitélio/pelos de animais</li>



<li>Alergia a poeira/inalação</li>



<li>Alergia a pólen</li>



<li>Alergia doméstica/ambiental</li>



<li>Alergia a insetos</li>



<li>Alergia a nozes</li>
</ul>

<p>Allergien sind überempfindliche Reaktionen des Immunsystems auf bestimmte Substanzen, die normalerweise für den Körper harmlos sind. Diese Substanzen werden als Allergene bezeichnet und können verschiedene Auslöser haben, wie zum Beispiel Pollen, Tierhaare, bestimmte Lebensmittel, Medikamente oder Hausstaubmilben. Wenn eine Person mit einer Allergie in Kontakt mit dem allergenen Stoff kommt, reagiert ihr Immunsystem auf ungewöhnliche [&hellip;]</p>
