{"id":8806,"date":"2021-03-26T12:16:07","date_gmt":"2021-03-26T11:16:07","guid":{"rendered":"http:\/\/energetisch.fit\/?post_type=konzepte&#038;p=8806"},"modified":"2021-03-31T10:56:30","modified_gmt":"2021-03-31T08:56:30","slug":"stato-energetico","status":"publish","type":"konzepte","link":"https:\/\/energetisch.fit\/it\/konzepte\/energiestatus\/","title":{"rendered":"Stato dell'energia"},"content":{"rendered":"<p>Concetto\/templare: <strong>Stato dell'energia<\/strong><\/p>\n\n\n\n<hr class=\"wp-block-separator is-style-wide\"\/>\n\n\n\n<ul class=\"wp-block-list\"><li>Stato dell'energia<\/li><li>Livello<\/li><li>Chakra<\/li><li>Meridiano<\/li><li>Il suo<\/li><\/ul>\n\n\n\n<div class=\"wp-block-columns is-layout-flex wp-container-core-columns-is-layout-9d6595d7 wp-block-columns-is-layout-flex\">\n<div class=\"wp-block-column is-layout-flow wp-block-column-is-layout-flow\">\n<p><\/p>\n\n\n\n<p>Lo stato energetico \u00e8 ideale sia per i principianti che per gli utenti esperti. Questo semplice concetto contiene lo \"strumento di base\", per cos\u00ec dire, per riconoscere e ottimizzare le energie per il corpo, la mente e l'anima.<\/p>\n<\/div>\n<\/div>\n\n\n\n<figure class=\"wp-block-embed is-type-video is-provider-youtube wp-block-embed-youtube wp-embed-aspect-16-9 wp-has-aspect-ratio\"><div class=\"wp-block-embed__wrapper\">\n<iframe loading=\"lazy\" title=\"Stato energetico: analisi e interpretazione\" width=\"500\" height=\"281\" src=\"https:\/\/www.youtube.com\/embed\/JuY9jysBUQk?feature=oembed\" frameborder=\"0\" allow=\"accelerometer; autoplay; clipboard-write; encrypted-media; gyroscope; picture-in-picture; web-share\" referrerpolicy=\"strict-origin-when-cross-origin\" allowfullscreen><\/iframe>\n<\/div><\/figure>\n\n\n\n<p><\/p>\n\n\n\n<p>Una buona energia di base a tutti i livelli \u00e8 il presupposto per una vita sana e felice. Se anche l'energia nei chakra e nei meridiani \u00e8 equilibrata, il nostro \"essere\" pu\u00f2 dispiegarsi.<\/p>\n\n\n\n<p><\/p>\n\n\n\n<p><strong>Contenuto (43 record di dati):<\/strong><\/p>\n\n\n\n<p><em>Stato energetico:<\/em><\/p>\n\n\n\n<p>I componenti e le qualit\u00e0 pi\u00f9 importanti per un'energia ottimale e un flusso energetico ottimale possono essere analizzati e ottimizzati qui.<\/p>\n\n\n\n<p><\/p>\n\n\n\n<p><em>Livello:<\/em><\/p>\n\n\n\n<p>Lo schema analizza a quali livelli \u00e8 disponibile un'offerta energetica sufficiente.<\/p>\n\n\n\n<p><\/p>\n\n\n\n<p><em>Chakra:<\/em><\/p>\n\n\n\n<p>I chakra mostrano l'elaborazione delle emozioni e le attivit\u00e0 del sistema nervoso.<\/p>\n\n\n\n<p><\/p>\n\n\n\n<p><em>Meridiani:<\/em><\/p>\n\n\n\n<p>L'analisi dei meridiani permette di riconoscere l'apporto energetico agli organi.<\/p>\n\n\n\n<p><\/p>\n\n\n\n<p><em>Essere:<\/em><\/p>\n\n\n\n<p>L'Analisi dell'Essere mostra in quali aree della vita stiamo viaggiando.<\/p>\n\n\n\n<p><\/p>\n\n\n\n<p><strong>Adatto per:<\/strong><\/p>\n\n\n\n<p>Medici, guaritori naturali\/operazioni alternative, psicologi, allenatori della salute, energetisti, ...<\/p>","protected":false},"excerpt":{"rendered":"<p>Konzept\/Vorlage: Energiestatus Energiestatus Ebene Chakra Meridian Sein Der Energiestatus eignet sich hervorragend f\u00fcr Anf\u00e4nger sowie auch fortgeschrittene Anwender. In diesem einfachen Konzept befindet sich sozusagen das &#8222;Grundwerkzeug&#8220; um die Energien f\u00fcr K\u00f6rper, Geist und Seele zu erkennen und zu optimieren. Eine gute Grundenergie auf allen Ebenen ist die Voraussetzung f\u00fcr ein gesundes und gl\u00fcckliches Leben. [&hellip;]<\/p>\n","protected":false},"author":1,"featured_media":0,"parent":0,"menu_order":0,"template":"","format":"standard","meta":{"_acf_changed":false,"footnotes":""},"konzepte_category":[309,307,322,310,311,308],"konzepte_tags":[318,323,312,314],"class_list":["post-8806","konzepte","type-konzepte","status-publish","format-standard","hentry","konzepte_category-berater","konzepte_category-coach","konzepte_category-energetiker","konzepte_category-privat","konzepte_category-spirituell","konzepte_category-therapeut","konzepte_tags-business","konzepte_tags-energie","konzepte_tags-gesundheit","konzepte_tags-krankheitsursachen"],"acf":[],"_links":{"self":[{"href":"https:\/\/energetisch.fit\/it\/wp-json\/wp\/v2\/konzepte\/8806","targetHints":{"allow":["GET"]}}],"collection":[{"href":"https:\/\/energetisch.fit\/it\/wp-json\/wp\/v2\/konzepte"}],"about":[{"href":"https:\/\/energetisch.fit\/it\/wp-json\/wp\/v2\/types\/konzepte"}],"author":[{"embeddable":true,"href":"https:\/\/energetisch.fit\/it\/wp-json\/wp\/v2\/users\/1"}],"version-history":[{"count":0,"href":"https:\/\/energetisch.fit\/it\/wp-json\/wp\/v2\/konzepte\/8806\/revisions"}],"wp:attachment":[{"href":"https:\/\/energetisch.fit\/it\/wp-json\/wp\/v2\/media?parent=8806"}],"wp:term":[{"taxonomy":"konzepte_category","embeddable":true,"href":"https:\/\/energetisch.fit\/it\/wp-json\/wp\/v2\/konzepte_category?post=8806"},{"taxonomy":"konzepte_tags","embeddable":true,"href":"https:\/\/energetisch.fit\/it\/wp-json\/wp\/v2\/konzepte_tags?post=8806"}],"curies":[{"name":"wp","href":"https:\/\/api.w.org\/{rel}","templated":true}]}}

<p>Concetto/templare: <strong>Stato dell'energia</strong></p>



<hr class="wp-block-separator is-style-wide"/>



<ul class="wp-block-list"><li>Stato dell'energia</li><li>Livello</li><li>Chakra</li><li>Meridiano</li><li>Il suo</li></ul>



<div class="wp-block-columns is-layout-flex wp-container-core-columns-is-layout-9d6595d7 wp-block-columns-is-layout-flex">
<div class="wp-block-column is-layout-flow wp-block-column-is-layout-flow">
<p></p>



<p>Lo stato energetico è ideale sia per i principianti che per gli utenti esperti. Questo semplice concetto contiene lo "strumento di base", per così dire, per riconoscere e ottimizzare le energie per il corpo, la mente e l'anima.</p>
</div>
</div>



<figure class="wp-block-embed is-type-video is-provider-youtube wp-block-embed-youtube wp-embed-aspect-16-9 wp-has-aspect-ratio"><div class="wp-block-embed__wrapper">
<iframe loading="lazy" title="Stato energetico: analisi e interpretazione" width="500" height="281" src="https://www.youtube.com/embed/JuY9jysBUQk?feature=oembed" frameborder="0" allow="accelerometer; autoplay; clipboard-write; encrypted-media; gyroscope; picture-in-picture; web-share" referrerpolicy="strict-origin-when-cross-origin" allowfullscreen></iframe>
</div></figure>



<p></p>



<p>Una buona energia di base a tutti i livelli è il presupposto per una vita sana e felice. Se anche l'energia nei chakra e nei meridiani è equilibrata, il nostro "essere" può dispiegarsi.</p>



<p></p>



<p><strong>Contenuto (43 record di dati):</strong></p>



<p><em>Stato energetico:</em></p>



<p>I componenti e le qualità più importanti per un'energia ottimale e un flusso energetico ottimale possono essere analizzati e ottimizzati qui.</p>



<p></p>



<p><em>Livello:</em></p>



<p>Lo schema analizza a quali livelli è disponibile un'offerta energetica sufficiente.</p>



<p></p>



<p><em>Chakra:</em></p>



<p>I chakra mostrano l'elaborazione delle emozioni e le attività del sistema nervoso.</p>



<p></p>



<p><em>Meridiani:</em></p>



<p>L'analisi dei meridiani permette di riconoscere l'apporto energetico agli organi.</p>



<p></p>



<p><em>Essere:</em></p>



<p>L'Analisi dell'Essere mostra in quali aree della vita stiamo viaggiando.</p>



<p></p>



<p><strong>Adatto per:</strong></p>



<p>Medici, guaritori naturali/operazioni alternative, psicologi, allenatori della salute, energetisti, ...</p>

<p>Konzept/Vorlage: Energiestatus Energiestatus Ebene Chakra Meridian Sein Der Energiestatus eignet sich hervorragend für Anfänger sowie auch fortgeschrittene Anwender. In diesem einfachen Konzept befindet sich sozusagen das &#8222;Grundwerkzeug&#8220; um die Energien für Körper, Geist und Seele zu erkennen und zu optimieren. Eine gute Grundenergie auf allen Ebenen ist die Voraussetzung für ein gesundes und glückliches Leben. [&hellip;]</p>
