{"id":8806,"date":"2021-03-26T12:16:07","date_gmt":"2021-03-26T11:16:07","guid":{"rendered":"http:\/\/energetisch.fit\/?post_type=konzepte&#038;p=8806"},"modified":"2021-03-31T10:56:30","modified_gmt":"2021-03-31T08:56:30","slug":"etat-de-lenergie","status":"publish","type":"konzepte","link":"https:\/\/energetisch.fit\/fr\/konzepte\/energiestatus\/","title":{"rendered":"\u00c9tat de l'\u00e9nergie"},"content":{"rendered":"<p>Concept\/mod\u00e8le : <strong>\u00c9tat de l'\u00e9nergie<\/strong><\/p>\n\n\n\n<hr class=\"wp-block-separator is-style-wide\"\/>\n\n\n\n<ul class=\"wp-block-list\"><li>\u00c9tat de l'\u00e9nergie<\/li><li>Niveau<\/li><li>Chakra<\/li><li>Meridian<\/li><li>Son<\/li><\/ul>\n\n\n\n<div class=\"wp-block-columns is-layout-flex wp-container-core-columns-is-layout-9d6595d7 wp-block-columns-is-layout-flex\">\n<div class=\"wp-block-column is-layout-flow wp-block-column-is-layout-flow\">\n<p><\/p>\n\n\n\n<p>L'\u00e9tat \u00e9nerg\u00e9tique convient parfaitement aux d\u00e9butants comme aux utilisateurs avanc\u00e9s. Ce concept simple contient en quelque sorte les \u201eoutils de base\u201c permettant de reconna\u00eetre et d'optimiser les \u00e9nergies pour le corps, l'esprit et l'\u00e2me.<\/p>\n<\/div>\n<\/div>\n\n\n\n<figure class=\"wp-block-embed is-type-video is-provider-youtube wp-block-embed-youtube wp-embed-aspect-16-9 wp-has-aspect-ratio\"><div class=\"wp-block-embed__wrapper\">\n<iframe loading=\"lazy\" title=\"\u00c9tat de l&#039;\u00e9nergie : analyse et interpr\u00e9tation\" width=\"500\" height=\"281\" src=\"https:\/\/www.youtube.com\/embed\/JuY9jysBUQk?feature=oembed\" frameborder=\"0\" allow=\"accelerometer; autoplay; clipboard-write; encrypted-media; gyroscope; picture-in-picture; web-share\" referrerpolicy=\"strict-origin-when-cross-origin\" allowfullscreen><\/iframe>\n<\/div><\/figure>\n\n\n\n<p><\/p>\n\n\n\n<p>Une bonne \u00e9nergie de base \u00e0 tous les niveaux est la condition pr\u00e9alable \u00e0 une vie saine et heureuse. Si, en plus, l'\u00e9nergie est \u00e9quilibr\u00e9e dans les chakras et les m\u00e9ridiens, alors notre \u201e\u00eatre\u201c peut s'\u00e9panouir.<\/p>\n\n\n\n<p><\/p>\n\n\n\n<p><strong>Contenu (43 enregistrements) :<\/strong><\/p>\n\n\n\n<p><em>\u00c9tat de l'\u00e9nergie :<\/em><\/p>\n\n\n\n<p>Il est possible d'y analyser et d'optimiser les principaux composants et qualit\u00e9s pour une \u00e9nergie et un flux \u00e9nerg\u00e9tique optimaux.<\/p>\n\n\n\n<p><\/p>\n\n\n\n<p><em>niveau :<\/em><\/p>\n\n\n\n<p>Le sch\u00e9ma analyse \u00e0 quels niveaux il y a suffisamment d'\u00e9nergie disponible.<\/p>\n\n\n\n<p><\/p>\n\n\n\n<p><em>chakra :<\/em><\/p>\n\n\n\n<p>Les chakras indiquent le traitement des \u00e9motions et les activit\u00e9s du syst\u00e8me nerveux.<\/p>\n\n\n\n<p><\/p>\n\n\n\n<p><em>m\u00e9ridiens :<\/em><\/p>\n\n\n\n<p>L'analyse des m\u00e9ridiens permet de reconna\u00eetre l'alimentation \u00e9nerg\u00e9tique des organes.<\/p>\n\n\n\n<p><\/p>\n\n\n\n<p><em>Son :<\/em><\/p>\n\n\n\n<p>L'analyse de l'\u00eatre indique dans quels domaines de la vie nous sommes actuellement en route.<\/p>\n\n\n\n<p><\/p>\n\n\n\n<p><strong>Convient pour :<\/strong><\/p>\n\n\n\n<p>M\u00e9decins, naturopathes, psychologues, coachs de sant\u00e9, \u00e9nerg\u00e9ticiens, ...<\/p>","protected":false},"excerpt":{"rendered":"<p>Konzept\/Vorlage: Energiestatus Energiestatus Ebene Chakra Meridian Sein Der Energiestatus eignet sich hervorragend f\u00fcr Anf\u00e4nger sowie auch fortgeschrittene Anwender. In diesem einfachen Konzept befindet sich sozusagen das &#8222;Grundwerkzeug&#8220; um die Energien f\u00fcr K\u00f6rper, Geist und Seele zu erkennen und zu optimieren. Eine gute Grundenergie auf allen Ebenen ist die Voraussetzung f\u00fcr ein gesundes und gl\u00fcckliches Leben. [&hellip;]<\/p>\n","protected":false},"author":1,"featured_media":0,"parent":0,"menu_order":0,"template":"","format":"standard","meta":{"_acf_changed":false,"footnotes":""},"konzepte_category":[309,307,322,310,311,308],"konzepte_tags":[318,323,312,314],"class_list":["post-8806","konzepte","type-konzepte","status-publish","format-standard","hentry","konzepte_category-berater","konzepte_category-coach","konzepte_category-energetiker","konzepte_category-privat","konzepte_category-spirituell","konzepte_category-therapeut","konzepte_tags-business","konzepte_tags-energie","konzepte_tags-gesundheit","konzepte_tags-krankheitsursachen"],"acf":[],"_links":{"self":[{"href":"https:\/\/energetisch.fit\/fr\/wp-json\/wp\/v2\/konzepte\/8806","targetHints":{"allow":["GET"]}}],"collection":[{"href":"https:\/\/energetisch.fit\/fr\/wp-json\/wp\/v2\/konzepte"}],"about":[{"href":"https:\/\/energetisch.fit\/fr\/wp-json\/wp\/v2\/types\/konzepte"}],"author":[{"embeddable":true,"href":"https:\/\/energetisch.fit\/fr\/wp-json\/wp\/v2\/users\/1"}],"version-history":[{"count":0,"href":"https:\/\/energetisch.fit\/fr\/wp-json\/wp\/v2\/konzepte\/8806\/revisions"}],"wp:attachment":[{"href":"https:\/\/energetisch.fit\/fr\/wp-json\/wp\/v2\/media?parent=8806"}],"wp:term":[{"taxonomy":"konzepte_category","embeddable":true,"href":"https:\/\/energetisch.fit\/fr\/wp-json\/wp\/v2\/konzepte_category?post=8806"},{"taxonomy":"konzepte_tags","embeddable":true,"href":"https:\/\/energetisch.fit\/fr\/wp-json\/wp\/v2\/konzepte_tags?post=8806"}],"curies":[{"name":"wp","href":"https:\/\/api.w.org\/{rel}","templated":true}]}}

État de l'énergie

<p>Concept/modèle : <strong>État de l'énergie</strong></p>



<hr class="wp-block-separator is-style-wide"/>



<ul class="wp-block-list"><li>État de l'énergie</li><li>Niveau</li><li>Chakra</li><li>Meridian</li><li>Son</li></ul>



<div class="wp-block-columns is-layout-flex wp-container-core-columns-is-layout-9d6595d7 wp-block-columns-is-layout-flex">
<div class="wp-block-column is-layout-flow wp-block-column-is-layout-flow">
<p></p>



<p>L'état énergétique convient parfaitement aux débutants comme aux utilisateurs avancés. Ce concept simple contient en quelque sorte les „outils de base“ permettant de reconnaître et d'optimiser les énergies pour le corps, l'esprit et l'âme.</p>
</div>
</div>



<figure class="wp-block-embed is-type-video is-provider-youtube wp-block-embed-youtube wp-embed-aspect-16-9 wp-has-aspect-ratio"><div class="wp-block-embed__wrapper">
<iframe loading="lazy" title="État de l&#039;énergie : analyse et interprétation" width="500" height="281" src="https://www.youtube.com/embed/JuY9jysBUQk?feature=oembed" frameborder="0" allow="accelerometer; autoplay; clipboard-write; encrypted-media; gyroscope; picture-in-picture; web-share" referrerpolicy="strict-origin-when-cross-origin" allowfullscreen></iframe>
</div></figure>



<p></p>



<p>Une bonne énergie de base à tous les niveaux est la condition préalable à une vie saine et heureuse. Si, en plus, l'énergie est équilibrée dans les chakras et les méridiens, alors notre „être“ peut s'épanouir.</p>



<p></p>



<p><strong>Contenu (43 enregistrements) :</strong></p>



<p><em>État de l'énergie :</em></p>



<p>Il est possible d'y analyser et d'optimiser les principaux composants et qualités pour une énergie et un flux énergétique optimaux.</p>



<p></p>



<p><em>niveau :</em></p>



<p>Le schéma analyse à quels niveaux il y a suffisamment d'énergie disponible.</p>



<p></p>



<p><em>chakra :</em></p>



<p>Les chakras indiquent le traitement des émotions et les activités du système nerveux.</p>



<p></p>



<p><em>méridiens :</em></p>



<p>L'analyse des méridiens permet de reconnaître l'alimentation énergétique des organes.</p>



<p></p>



<p><em>Son :</em></p>



<p>L'analyse de l'être indique dans quels domaines de la vie nous sommes actuellement en route.</p>



<p></p>



<p><strong>Convient pour :</strong></p>



<p>Médecins, naturopathes, psychologues, coachs de santé, énergéticiens, ...</p>

<p>Konzept/Vorlage: Energiestatus Energiestatus Ebene Chakra Meridian Sein Der Energiestatus eignet sich hervorragend für Anfänger sowie auch fortgeschrittene Anwender. In diesem einfachen Konzept befindet sich sozusagen das &#8222;Grundwerkzeug&#8220; um die Energien für Körper, Geist und Seele zu erkennen und zu optimieren. Eine gute Grundenergie auf allen Ebenen ist die Voraussetzung für ein gesundes und glückliches Leben. [&hellip;]</p>
