{"id":9335,"date":"2021-04-08T10:16:51","date_gmt":"2021-04-08T08:16:51","guid":{"rendered":"http:\/\/energetisch.fit\/?post_type=konzepte&#038;p=9335"},"modified":"2021-04-08T10:21:00","modified_gmt":"2021-04-08T08:21:00","slug":"analisis-del-campo-energetico","status":"publish","type":"konzepte","link":"https:\/\/energetisch.fit\/es\/konzepte\/energiefeld-analyse\/","title":{"rendered":"An\u00e1lisis del campo energ\u00e9tico"},"content":{"rendered":"<p>Concepto\/plantilla: <strong>An\u00e1lisis del campo energ\u00e9tico (aura)<\/strong><\/p>\n\n\n\n<div class=\"wp-block-columns is-layout-flex wp-container-core-columns-is-layout-9d6595d7 wp-block-columns-is-layout-flex\">\n<div class=\"wp-block-column is-layout-flow wp-block-column-is-layout-flow\">\n<p><\/p>\n\n\n\n<p>Con el m\u00f3dulo \u201eAn\u00e1lisis del campo energ\u00e9tico\u201c se puede visualizar el aura (campo energ\u00e9tico) de distintos \u00f3rganos y zonas org\u00e1nicas y hacer visibles y tratar energ\u00e9ticamente los bloqueos correspondientes. Tambi\u00e9n puede cargar sus propias im\u00e1genes, y aqu\u00ed tambi\u00e9n se pueden escanear y procesar los campos del aura y los bloqueos.<\/p>\n\n\n\n<p><\/p>\n\n\n\n<p>A continuaci\u00f3n, se puede utilizar una prueba de influencia para determinar las distintas causas del <strong>Bloqueos del campo energ\u00e9tico<\/strong> se visualizan y tambi\u00e9n se procesan. Los temas de causa ra\u00edz pueden seleccionarse individualmente o analizarse en su conjunto.<br><\/p>\n\n\n\n<p><\/p>\n\n\n\n<p>El Infotest ofrece otra opci\u00f3n,&nbsp;<strong>Energ\u00edas, esencias, remedios<\/strong>&nbsp;o tambi\u00e9n&nbsp;<strong>Afirmaciones<\/strong>&nbsp;para probar y transferir textos. Puede introducir sus propios textos y, de forma similar a un&nbsp;<strong>test muscular kinesiol\u00f3gico, p\u00e9ndulo<\/strong>&nbsp;o&nbsp;<strong>Biotensor<\/strong>&nbsp;analizada y la informaci\u00f3n corregida y optimizada.<\/p>\n\n\n\n<p><\/p>\n\n\n\n<div class=\"wp-block-columns is-layout-flex wp-container-core-columns-is-layout-9d6595d7 wp-block-columns-is-layout-flex\">\n<div class=\"wp-block-column is-layout-flow wp-block-column-is-layout-flow\">\n<figure class=\"wp-block-embed is-type-video is-provider-youtube wp-block-embed-youtube wp-embed-aspect-16-9 wp-has-aspect-ratio\"><div class=\"wp-block-embed__wrapper\">\n<iframe loading=\"lazy\" title=\"Nuevo an\u00e1lisis del campo energ\u00e9tico en energetisch.fit\" width=\"500\" height=\"281\" src=\"https:\/\/www.youtube.com\/embed\/7MsStW3b-vw?feature=oembed\" frameborder=\"0\" allow=\"accelerometer; autoplay; clipboard-write; encrypted-media; gyroscope; picture-in-picture; web-share\" referrerpolicy=\"strict-origin-when-cross-origin\" allowfullscreen><\/iframe>\n<\/div><\/figure>\n<\/div>\n\n\n\n<div class=\"wp-block-column is-layout-flow wp-block-column-is-layout-flow\">\n<figure class=\"wp-block-embed is-type-video is-provider-youtube wp-block-embed-youtube wp-embed-aspect-16-9 wp-has-aspect-ratio\"><div class=\"wp-block-embed__wrapper\">\n<iframe loading=\"lazy\" title=\"energetisch.fit - an\u00e1lisis del campo energ\u00e9tico \/ sistemas de \u00f3rganos\" width=\"500\" height=\"281\" src=\"https:\/\/www.youtube.com\/embed\/VH_yAHVEFo8?feature=oembed\" frameborder=\"0\" allow=\"accelerometer; autoplay; clipboard-write; encrypted-media; gyroscope; picture-in-picture; web-share\" referrerpolicy=\"strict-origin-when-cross-origin\" allowfullscreen><\/iframe>\n<\/div><\/figure>\n<\/div>\n\n\n\n<div class=\"wp-block-column is-layout-flow wp-block-column-is-layout-flow\">\n<figure class=\"wp-block-embed is-type-video is-provider-youtube wp-block-embed-youtube wp-embed-aspect-16-9 wp-has-aspect-ratio\"><div class=\"wp-block-embed__wrapper\">\n<iframe loading=\"lazy\" title=\"Sube tu propia imagen o fondo\" width=\"500\" height=\"281\" src=\"https:\/\/www.youtube.com\/embed\/8kXkmGLbJU8?feature=oembed\" frameborder=\"0\" allow=\"accelerometer; autoplay; clipboard-write; encrypted-media; gyroscope; picture-in-picture; web-share\" referrerpolicy=\"strict-origin-when-cross-origin\" allowfullscreen><\/iframe>\n<\/div><\/figure>\n<\/div>\n<\/div>\n<\/div>\n<\/div>\n\n\n\n<h2 class=\"wp-block-heading\"><strong>Varias opciones: \u00a1desde principiantes hasta profesionales!<\/strong><\/h2>\n\n\n\n<p class=\"wp-embed-aspect-16-9 wp-has-aspect-ratio\"><strong>An\u00e1lisis del campo energ\u00e9tico<\/strong> est\u00e1 disponible en 3 tama\u00f1os diferentes:<\/p>\n\n\n\n<div class=\"wp-block-columns is-layout-flex wp-container-core-columns-is-layout-9d6595d7 wp-block-columns-is-layout-flex\">\n<div class=\"wp-block-column is-layout-flow wp-block-column-is-layout-flow\">\n<p><strong>Mini an\u00e1lisis del campo energ\u00e9tico<\/strong><\/p>\n\n\n\n<figure class=\"wp-block-table is-style-stripes\"><table class=\"has-fixed-layout\"><tbody><tr><td><strong>Categor\u00edas<\/strong>: <br>- Campo de energ\u00eda corporal<\/td><\/tr><tr><td><\/td><\/tr><\/tbody><\/table><\/figure>\n<\/div>\n\n\n\n<div class=\"wp-block-column is-layout-flow wp-block-column-is-layout-flow\">\n<p><strong><strong>An\u00e1lisis del campo energ\u00e9tico<\/strong> B\u00e1sico<\/strong><\/p>\n\n\n\n<figure class=\"wp-block-table is-style-stripes\"><table class=\"has-fixed-layout\"><tbody><tr><td><strong>Categor\u00edas<\/strong>:<br>- Campo de energ\u00eda corporal<br>- Sistemas de \u00f3rganos<\/td><\/tr><tr><td><\/td><\/tr><\/tbody><\/table><\/figure>\n<\/div>\n\n\n\n<div class=\"wp-block-column is-layout-flow wp-block-column-is-layout-flow\">\n<p><strong><strong>An\u00e1lisis del campo energ\u00e9tico<\/strong> Experto<\/strong><\/p>\n\n\n\n<figure class=\"wp-block-table is-style-stripes\"><table class=\"has-fixed-layout\"><tbody><tr><td><strong>Categor\u00edas<\/strong>:<br>- Campo de energ\u00eda corporal<br>- Sistemas de \u00f3rganos<br>- Respiraci\u00f3n<br>- Digesti\u00f3n<br>- Sistema cardiovascular<br>- Movimiento<br>- Neven<br>- Linfa<br>- \u00d3rganos urinarios<br>- Gl\u00e1ndulas<br>- Sentidos<br>- Piel Pelo N\u00e4gle<br>- Genitales<\/td><\/tr><tr><td><\/td><\/tr><\/tbody><\/table><\/figure>\n<\/div>\n<\/div>\n\n\n\n<p><strong>Adecuado para:<\/strong><\/p>\n\n\n\n<p>M\u00e9dicos, sanadores naturales\/natur\u00f3patas, psic\u00f3logos, entrenadores de salud, energizantes<\/p>","protected":false},"excerpt":{"rendered":"<p>Konzept\/Vorlage: Energiefeld (Aura) Analyse Mit dem &#8222;Energiefeld-Analyse&#8220; Modul kann die Aura (Energiefeld) verschiedener Organ und Organbereiche sichtbar gemacht und die entsprechenden Blockaden sichtbar gemacht und energetisch behandelt werden. Es k\u00f6nnen auch eigene Bilder hochgeladen &#8211; und auch hier k\u00f6nnen die Aurafelder und Blockaden gescannt und bearbeitet werden. \u00dcber einen Einflusstest k\u00f6nnen dann die verschiedenen Ursachen [&hellip;]<\/p>\n","protected":false},"author":1,"featured_media":0,"parent":0,"menu_order":0,"template":"","format":"standard","meta":{"_acf_changed":false,"footnotes":""},"konzepte_category":[309,307,322,329,310,311,308],"konzepte_tags":[330,318,323,319,312,314,316,324,315,328,313],"class_list":["post-9335","konzepte","type-konzepte","status-publish","format-standard","hentry","konzepte_category-berater","konzepte_category-coach","konzepte_category-energetiker","konzepte_category-geistheiler","konzepte_category-privat","konzepte_category-spirituell","konzepte_category-therapeut","konzepte_tags-beziehung","konzepte_tags-business","konzepte_tags-energie","konzepte_tags-erfolg","konzepte_tags-gesundheit","konzepte_tags-krankheitsursachen","konzepte_tags-neue-medizin","konzepte_tags-persoenlichkeit","konzepte_tags-psychologie","konzepte_tags-spiritualitaet","konzepte_tags-therapie"],"acf":[],"_links":{"self":[{"href":"https:\/\/energetisch.fit\/es\/wp-json\/wp\/v2\/konzepte\/9335","targetHints":{"allow":["GET"]}}],"collection":[{"href":"https:\/\/energetisch.fit\/es\/wp-json\/wp\/v2\/konzepte"}],"about":[{"href":"https:\/\/energetisch.fit\/es\/wp-json\/wp\/v2\/types\/konzepte"}],"author":[{"embeddable":true,"href":"https:\/\/energetisch.fit\/es\/wp-json\/wp\/v2\/users\/1"}],"version-history":[{"count":0,"href":"https:\/\/energetisch.fit\/es\/wp-json\/wp\/v2\/konzepte\/9335\/revisions"}],"wp:attachment":[{"href":"https:\/\/energetisch.fit\/es\/wp-json\/wp\/v2\/media?parent=9335"}],"wp:term":[{"taxonomy":"konzepte_category","embeddable":true,"href":"https:\/\/energetisch.fit\/es\/wp-json\/wp\/v2\/konzepte_category?post=9335"},{"taxonomy":"konzepte_tags","embeddable":true,"href":"https:\/\/energetisch.fit\/es\/wp-json\/wp\/v2\/konzepte_tags?post=9335"}],"curies":[{"name":"wp","href":"https:\/\/api.w.org\/{rel}","templated":true}]}}

Análisis del campo energético

<p>Concepto/plantilla: <strong>Análisis del campo energético (aura)</strong></p>



<div class="wp-block-columns is-layout-flex wp-container-core-columns-is-layout-9d6595d7 wp-block-columns-is-layout-flex">
<div class="wp-block-column is-layout-flow wp-block-column-is-layout-flow">
<p></p>



<p>Con el módulo „Análisis del campo energético“ se puede visualizar el aura (campo energético) de distintos órganos y zonas orgánicas y hacer visibles y tratar energéticamente los bloqueos correspondientes. También puede cargar sus propias imágenes, y aquí también se pueden escanear y procesar los campos del aura y los bloqueos.</p>



<p></p>



<p>A continuación, se puede utilizar una prueba de influencia para determinar las distintas causas del <strong>Bloqueos del campo energético</strong> se visualizan y también se procesan. Los temas de causa raíz pueden seleccionarse individualmente o analizarse en su conjunto.<br></p>



<p></p>



<p>El Infotest ofrece otra opción,&nbsp;<strong>Energías, esencias, remedios</strong>&nbsp;o también&nbsp;<strong>Afirmaciones</strong>&nbsp;para probar y transferir textos. Puede introducir sus propios textos y, de forma similar a un&nbsp;<strong>test muscular kinesiológico, péndulo</strong>&nbsp;o&nbsp;<strong>Biotensor</strong>&nbsp;analizada y la información corregida y optimizada.</p>



<p></p>



<div class="wp-block-columns is-layout-flex wp-container-core-columns-is-layout-9d6595d7 wp-block-columns-is-layout-flex">
<div class="wp-block-column is-layout-flow wp-block-column-is-layout-flow">
<figure class="wp-block-embed is-type-video is-provider-youtube wp-block-embed-youtube wp-embed-aspect-16-9 wp-has-aspect-ratio"><div class="wp-block-embed__wrapper">
<iframe loading="lazy" title="Nuevo análisis del campo energético en energetisch.fit" width="500" height="281" src="https://www.youtube.com/embed/7MsStW3b-vw?feature=oembed" frameborder="0" allow="accelerometer; autoplay; clipboard-write; encrypted-media; gyroscope; picture-in-picture; web-share" referrerpolicy="strict-origin-when-cross-origin" allowfullscreen></iframe>
</div></figure>
</div>



<div class="wp-block-column is-layout-flow wp-block-column-is-layout-flow">
<figure class="wp-block-embed is-type-video is-provider-youtube wp-block-embed-youtube wp-embed-aspect-16-9 wp-has-aspect-ratio"><div class="wp-block-embed__wrapper">
<iframe loading="lazy" title="energetisch.fit - análisis del campo energético / sistemas de órganos" width="500" height="281" src="https://www.youtube.com/embed/VH_yAHVEFo8?feature=oembed" frameborder="0" allow="accelerometer; autoplay; clipboard-write; encrypted-media; gyroscope; picture-in-picture; web-share" referrerpolicy="strict-origin-when-cross-origin" allowfullscreen></iframe>
</div></figure>
</div>



<div class="wp-block-column is-layout-flow wp-block-column-is-layout-flow">
<figure class="wp-block-embed is-type-video is-provider-youtube wp-block-embed-youtube wp-embed-aspect-16-9 wp-has-aspect-ratio"><div class="wp-block-embed__wrapper">
<iframe loading="lazy" title="Sube tu propia imagen o fondo" width="500" height="281" src="https://www.youtube.com/embed/8kXkmGLbJU8?feature=oembed" frameborder="0" allow="accelerometer; autoplay; clipboard-write; encrypted-media; gyroscope; picture-in-picture; web-share" referrerpolicy="strict-origin-when-cross-origin" allowfullscreen></iframe>
</div></figure>
</div>
</div>
</div>
</div>



<h2 class="wp-block-heading"><strong>Varias opciones: ¡desde principiantes hasta profesionales!</strong></h2>



<p class="wp-embed-aspect-16-9 wp-has-aspect-ratio"><strong>Análisis del campo energético</strong> está disponible en 3 tamaños diferentes:</p>



<div class="wp-block-columns is-layout-flex wp-container-core-columns-is-layout-9d6595d7 wp-block-columns-is-layout-flex">
<div class="wp-block-column is-layout-flow wp-block-column-is-layout-flow">
<p><strong>Mini análisis del campo energético</strong></p>



<figure class="wp-block-table is-style-stripes"><table class="has-fixed-layout"><tbody><tr><td><strong>Categorías</strong>: <br>- Campo de energía corporal</td></tr><tr><td></td></tr></tbody></table></figure>
</div>



<div class="wp-block-column is-layout-flow wp-block-column-is-layout-flow">
<p><strong><strong>Análisis del campo energético</strong> Básico</strong></p>



<figure class="wp-block-table is-style-stripes"><table class="has-fixed-layout"><tbody><tr><td><strong>Categorías</strong>:<br>- Campo de energía corporal<br>- Sistemas de órganos</td></tr><tr><td></td></tr></tbody></table></figure>
</div>



<div class="wp-block-column is-layout-flow wp-block-column-is-layout-flow">
<p><strong><strong>Análisis del campo energético</strong> Experto</strong></p>



<figure class="wp-block-table is-style-stripes"><table class="has-fixed-layout"><tbody><tr><td><strong>Categorías</strong>:<br>- Campo de energía corporal<br>- Sistemas de órganos<br>- Respiración<br>- Digestión<br>- Sistema cardiovascular<br>- Movimiento<br>- Neven<br>- Linfa<br>- Órganos urinarios<br>- Glándulas<br>- Sentidos<br>- Piel Pelo Nägle<br>- Genitales</td></tr><tr><td></td></tr></tbody></table></figure>
</div>
</div>



<p><strong>Adecuado para:</strong></p>



<p>Médicos, sanadores naturales/naturópatas, psicólogos, entrenadores de salud, energizantes</p>

<p>Konzept/Vorlage: Energiefeld (Aura) Analyse Mit dem &#8222;Energiefeld-Analyse&#8220; Modul kann die Aura (Energiefeld) verschiedener Organ und Organbereiche sichtbar gemacht und die entsprechenden Blockaden sichtbar gemacht und energetisch behandelt werden. Es können auch eigene Bilder hochgeladen &#8211; und auch hier können die Aurafelder und Blockaden gescannt und bearbeitet werden. Über einen Einflusstest können dann die verschiedenen Ursachen [&hellip;]</p>
