{"id":9188,"date":"2021-04-05T18:03:06","date_gmt":"2021-04-05T16:03:06","guid":{"rendered":"http:\/\/energetisch.fit\/?post_type=konzepte&#038;p=9188"},"modified":"2021-04-05T18:03:11","modified_gmt":"2021-04-05T16:03:11","slug":"casa-y-propiedad","status":"publish","type":"konzepte","link":"https:\/\/energetisch.fit\/es\/konzepte\/haus-und-grundstueck\/","title":{"rendered":"Casa y propiedad"},"content":{"rendered":"<p>Concepto\/plantilla: <strong>Casa y propiedad<\/strong><\/p>\n\n\n\n<hr class=\"wp-block-separator is-style-wide\"\/>\n\n\n\n<ul class=\"wp-block-list\"><li>Fotos de casas y propiedades<\/li><li>Campos Ondas Radiaci\u00f3n<\/li><li>Toxinas en interiores Contaminantes Clima interior<\/li><li>Carga energ\u00e9tica de la propiedad<\/li><li>Hongos Bacterias Al\u00e9rgenos<\/li><li>Mental Emocional Estr\u00e9s mental<\/li><li>Exposici\u00f3n a energ\u00edas externas<\/li><\/ul>\n\n\n\n<div class=\"wp-block-columns is-layout-flex wp-container-core-columns-is-layout-9d6595d7 wp-block-columns-is-layout-flex\">\n<div class=\"wp-block-column is-layout-flow wp-block-column-is-layout-flow\">\n<p><\/p>\n\n\n\n<p>El concepto de \u201ecasa y propiedad\u201c puede utilizarse para analizar y apoyar energ\u00e9ticamente diversos temas con una conexi\u00f3n geol\u00f3gica o geom\u00e1ntica. Este concepto se utiliza para analizar y determinar posibles tensiones en la propiedad o en un edificio\/casa. Tras el an\u00e1lisis, las tensiones detectadas pueden corregirse y optimizarse energ\u00e9ticamente.<\/p>\n<\/div>\n<\/div>\n\n\n\n<p>Este concepto de trabajo es muy adecuado para limpiar energ\u00e9ticamente casas y propiedades y protegerlas de la contaminaci\u00f3n negativa. Esto mejora la calidad de vida en general. Un valioso complemento para el sector inmobiliario.<\/p>\n\n\n\n<p><\/p>\n\n\n\n<p><strong>Contenido (355 registros de datos):<\/strong><\/p>\n\n\n\n<p><em>Fotos de casas y propiedades:<\/em><\/p>\n\n\n\n<p>A trav\u00e9s de esta aplicaci\u00f3n se pueden cargar fotos de casas, propiedades, planos de edificios, etc. y, a continuaci\u00f3n, realizar la \u201eprueba del campo energ\u00e9tico\u201c. Esto hace que los campos de bloqueo visibles y entonces pueden ser energ\u00e9ticamente limpiado y eliminado.<\/p>\n\n\n\n<p><\/p>\n\n\n\n<p><em>Campos Ondas Radiaci\u00f3n:<\/em><\/p>\n\n\n\n<p>Reconocer y resolver interferencias de campos, ondas y radiaciones. En esta base de datos se detectan diversos campos de interferencia y se eliminan y optimizan energ\u00e9ticamente.<\/p>\n\n\n\n<p><\/p>\n\n\n\n<p><em>T\u00f3xicos en interiores Contaminantes Clima interior:<\/em><\/p>\n\n\n\n<p>Reconocer y resolver las perturbaciones causadas por las toxinas, los contaminantes y el clima interior. En esta base de datos se identifican diversos campos de interferencia y se eliminan y optimizan energ\u00e9ticamente.<\/p>\n\n\n\n<p><\/p>\n\n\n\n<p><em>Carga energ\u00e9tica en la propiedad:<\/em><\/p>\n\n\n\n<p>Reconocer y resolver las cargas energ\u00e9ticas de la propiedad. En esta base de datos se identifican varias cargas energ\u00e9ticas y se eliminan y optimizan energ\u00e9ticamente.<\/p>\n\n\n\n<p><\/p>\n\n\n\n<p><em>Hongos Bacterias Al\u00e9rgenos:<\/em><\/p>\n\n\n\n<p>Reconocimiento y eliminaci\u00f3n de interferencias de hongos, bacterias y al\u00e9rgenos. En esta base de datos se detectan diversos campos de interferencia y se eliminan y optimizan energ\u00e9ticamente.<\/p>\n\n\n\n<p><\/p>\n\n\n\n<p><em>Mental Emocional Estr\u00e9s mental:<\/em><\/p>\n\n\n\n<p>Reconocer y resolver las perturbaciones causadas por el estr\u00e9s mental, emocional y espiritual. En esta base de datos se reconocen diversos campos de interferencia y se corrigen y optimizan energ\u00e9ticamente.<\/p>\n\n\n\n<p><\/p>\n\n\n\n<p><em>Exposici\u00f3n a energ\u00edas externas:<\/em><\/p>\n\n\n\n<p>Reconocer y resolver las interferencias de energ\u00edas externas. En esta base de datos se reconocen diversos campos de interferencia y se corrigen y optimizan energ\u00e9ticamente.<\/p>\n\n\n\n<p><\/p>\n\n\n\n<p><strong>Adecuado para:<\/strong><\/p>\n\n\n\n<p>Geom\u00e1nticos, sanadores naturales, entrenadores de salud, energizantes, ...<\/p>","protected":false},"excerpt":{"rendered":"<p>Konzept\/Vorlage: Haus und Grundst\u00fcck Haus und Grundst\u00fcck Bilder Felder Wellen Strahlung Wohngifte Schadstoffe Raumklima Energetische Belastung Grundst\u00fcck Pilze Bakterien Allergene Mentale Emotionale Geistige Belastung Belastung Fremdenergien Mit dem Konzept von \u201eHaus und Grundst\u00fcck\u201c k\u00f6nnen unterschiedliche Themen mit geologischen oder auch geomantischem Bezug analysiert und energetisch unterst\u00fctzt werden. Dieses Konzept dient zur Analyse und Bestimmung m\u00f6glicher [&hellip;]<\/p>\n","protected":false},"author":1,"featured_media":0,"parent":0,"menu_order":0,"template":"","format":"standard","meta":{"_acf_changed":false,"footnotes":""},"konzepte_category":[309,307,322,329,310,311],"konzepte_tags":[323,312,314,328],"class_list":["post-9188","konzepte","type-konzepte","status-publish","format-standard","hentry","konzepte_category-berater","konzepte_category-coach","konzepte_category-energetiker","konzepte_category-geistheiler","konzepte_category-privat","konzepte_category-spirituell","konzepte_tags-energie","konzepte_tags-gesundheit","konzepte_tags-krankheitsursachen","konzepte_tags-spiritualitaet"],"acf":[],"_links":{"self":[{"href":"https:\/\/energetisch.fit\/es\/wp-json\/wp\/v2\/konzepte\/9188","targetHints":{"allow":["GET"]}}],"collection":[{"href":"https:\/\/energetisch.fit\/es\/wp-json\/wp\/v2\/konzepte"}],"about":[{"href":"https:\/\/energetisch.fit\/es\/wp-json\/wp\/v2\/types\/konzepte"}],"author":[{"embeddable":true,"href":"https:\/\/energetisch.fit\/es\/wp-json\/wp\/v2\/users\/1"}],"version-history":[{"count":0,"href":"https:\/\/energetisch.fit\/es\/wp-json\/wp\/v2\/konzepte\/9188\/revisions"}],"wp:attachment":[{"href":"https:\/\/energetisch.fit\/es\/wp-json\/wp\/v2\/media?parent=9188"}],"wp:term":[{"taxonomy":"konzepte_category","embeddable":true,"href":"https:\/\/energetisch.fit\/es\/wp-json\/wp\/v2\/konzepte_category?post=9188"},{"taxonomy":"konzepte_tags","embeddable":true,"href":"https:\/\/energetisch.fit\/es\/wp-json\/wp\/v2\/konzepte_tags?post=9188"}],"curies":[{"name":"wp","href":"https:\/\/api.w.org\/{rel}","templated":true}]}}

<p>Concepto/plantilla: <strong>Casa y propiedad</strong></p>



<hr class="wp-block-separator is-style-wide"/>



<ul class="wp-block-list"><li>Fotos de casas y propiedades</li><li>Campos Ondas Radiación</li><li>Toxinas en interiores Contaminantes Clima interior</li><li>Carga energética de la propiedad</li><li>Hongos Bacterias Alérgenos</li><li>Mental Emocional Estrés mental</li><li>Exposición a energías externas</li></ul>



<div class="wp-block-columns is-layout-flex wp-container-core-columns-is-layout-9d6595d7 wp-block-columns-is-layout-flex">
<div class="wp-block-column is-layout-flow wp-block-column-is-layout-flow">
<p></p>



<p>El concepto de „casa y propiedad“ puede utilizarse para analizar y apoyar energéticamente diversos temas con una conexión geológica o geomántica. Este concepto se utiliza para analizar y determinar posibles tensiones en la propiedad o en un edificio/casa. Tras el análisis, las tensiones detectadas pueden corregirse y optimizarse energéticamente.</p>
</div>
</div>



<p>Este concepto de trabajo es muy adecuado para limpiar energéticamente casas y propiedades y protegerlas de la contaminación negativa. Esto mejora la calidad de vida en general. Un valioso complemento para el sector inmobiliario.</p>



<p></p>



<p><strong>Contenido (355 registros de datos):</strong></p>



<p><em>Fotos de casas y propiedades:</em></p>



<p>A través de esta aplicación se pueden cargar fotos de casas, propiedades, planos de edificios, etc. y, a continuación, realizar la „prueba del campo energético“. Esto hace que los campos de bloqueo visibles y entonces pueden ser energéticamente limpiado y eliminado.</p>



<p></p>



<p><em>Campos Ondas Radiación:</em></p>



<p>Reconocer y resolver interferencias de campos, ondas y radiaciones. En esta base de datos se detectan diversos campos de interferencia y se eliminan y optimizan energéticamente.</p>



<p></p>



<p><em>Tóxicos en interiores Contaminantes Clima interior:</em></p>



<p>Reconocer y resolver las perturbaciones causadas por las toxinas, los contaminantes y el clima interior. En esta base de datos se identifican diversos campos de interferencia y se eliminan y optimizan energéticamente.</p>



<p></p>



<p><em>Carga energética en la propiedad:</em></p>



<p>Reconocer y resolver las cargas energéticas de la propiedad. En esta base de datos se identifican varias cargas energéticas y se eliminan y optimizan energéticamente.</p>



<p></p>



<p><em>Hongos Bacterias Alérgenos:</em></p>



<p>Reconocimiento y eliminación de interferencias de hongos, bacterias y alérgenos. En esta base de datos se detectan diversos campos de interferencia y se eliminan y optimizan energéticamente.</p>



<p></p>



<p><em>Mental Emocional Estrés mental:</em></p>



<p>Reconocer y resolver las perturbaciones causadas por el estrés mental, emocional y espiritual. En esta base de datos se reconocen diversos campos de interferencia y se corrigen y optimizan energéticamente.</p>



<p></p>



<p><em>Exposición a energías externas:</em></p>



<p>Reconocer y resolver las interferencias de energías externas. En esta base de datos se reconocen diversos campos de interferencia y se corrigen y optimizan energéticamente.</p>



<p></p>



<p><strong>Adecuado para:</strong></p>



<p>Geománticos, sanadores naturales, entrenadores de salud, energizantes, ...</p>

<p>Konzept/Vorlage: Haus und Grundstück Haus und Grundstück Bilder Felder Wellen Strahlung Wohngifte Schadstoffe Raumklima Energetische Belastung Grundstück Pilze Bakterien Allergene Mentale Emotionale Geistige Belastung Belastung Fremdenergien Mit dem Konzept von „Haus und Grundstück“ können unterschiedliche Themen mit geologischen oder auch geomantischem Bezug analysiert und energetisch unterstützt werden. Dieses Konzept dient zur Analyse und Bestimmung möglicher [&hellip;]</p>
