{"id":9186,"date":"2021-04-02T13:29:29","date_gmt":"2021-04-02T11:29:29","guid":{"rendered":"http:\/\/energetisch.fit\/?post_type=konzepte&#038;p=9186"},"modified":"2021-04-05T17:38:22","modified_gmt":"2021-04-05T15:38:22","slug":"escuela-y-aprendizaje","status":"publish","type":"konzepte","link":"https:\/\/energetisch.fit\/es\/konzepte\/schule-und-lernen\/","title":{"rendered":"Escuela y aprendizaje"},"content":{"rendered":"<p>Concepto\/plantilla: <strong>Escuela y aprendizaje<\/strong><\/p>\n\n\n\n<hr class=\"wp-block-separator is-style-wide\"\/>\n\n\n\n<ul class=\"wp-block-list\"><li>Optimizaci\u00f3n de los problemas escolares<\/li><li>Optimizaci\u00f3n Patrones de creencias negativas<\/li><li>Optimizaci\u00f3n de la liberaci\u00f3n<\/li><li>Capacidad de optimizaci\u00f3n<\/li><li>Optimizaci\u00f3n del aprendizaje<\/li><li>Optimizaci\u00f3n Patrones de creencias positivas<\/li><\/ul>\n\n\n\n<div class=\"wp-block-columns is-layout-flex wp-container-core-columns-is-layout-9d6595d7 wp-block-columns-is-layout-flex\">\n<div class=\"wp-block-column is-layout-flow wp-block-column-is-layout-flow\">\n<p><\/p>\n\n\n\n<p>Con el concepto de \u201eescuela y aprendizaje\u201c se pueden analizar y apoyar en\u00e9rgicamente diversas cuestiones relacionadas con la escuela y el aprendizaje. Este concepto sirve para analizar y determinar posibles \u201ebloqueos del aprendizaje\u201c y apoya al alumno en su trayectoria escolar.<\/p>\n<\/div>\n<\/div>\n\n\n\n<p>Los problemas de aprendizaje tienen diferentes causas. En la mayor\u00eda de los casos, sin embargo, no se trata s\u00f3lo de una cuesti\u00f3n de \u201ecapacidad\u201c, sino mucho m\u00e1s de \u201edeseo\u201c. El objetivo de esta base de datos es encontrar y eliminar los bloqueos para que aprender vuelva a ser divertido. <\/p>\n\n\n\n<p><\/p>\n\n\n\n<p><strong>Contenido (746 registros de datos):<\/strong><\/p>\n\n\n\n<p><em>Optimizaci\u00f3n de problemas escolares:<\/em><\/p>\n\n\n\n<p>Reconocer y resolver los problemas escolares. Esta base de datos trata de los diversos problemas asociados al aprendizaje y a la escuela. Para que el \u00e9xito sea efectivo a todos los niveles, es preciso reconocer y resolver estos problemas.<\/p>\n\n\n\n<p><\/p>\n\n\n\n<p><em>Optimizaci\u00f3n Patrones de creencias negativas:<\/em><\/p>\n\n\n\n<p>Reconocer y disolver los falsos esquemas de creencias\/creencias negativas en relaci\u00f3n con la escuela y el aprendizaje. Muy a menudo nuestros falsos programas, que hemos entrenado o adoptado en nuestras vidas, bloquean el camino. Estos pueden ser reconocidos y disueltos aqu\u00ed.<\/p>\n\n\n\n<p><\/p>\n\n\n\n<p><em>Dejar de lado la optimizaci\u00f3n:<\/em><\/p>\n\n\n\n<p>Dejar ir comportamientos y acciones negativas err\u00f3neas en relaci\u00f3n con la escuela y el aprendizaje. Muy a menudo nuestros programas err\u00f3neos, que hemos entrenado o adoptado en nuestras vidas, bloquean el camino. Estos pueden ser reconocidos y disueltos aqu\u00ed.<\/p>\n\n\n\n<p><\/p>\n\n\n\n<p><em>Capacidad de optimizaci\u00f3n:<\/em><\/p>\n\n\n\n<p>Reconocer, entrenar y consolidar habilidades en relaci\u00f3n con la escuela y el aprendizaje. Esta base de datos muestra las destrezas y habilidades que a\u00fan pueden necesitar ser desarrolladas y, por lo tanto, practicadas y puestas en pr\u00e1ctica.<\/p>\n\n\n\n<p><\/p>\n\n\n\n<p><em>Optimizaci\u00f3n del aprendizaje:<\/em><\/p>\n\n\n\n<p>Reconocer, entrenar y consolidar el comportamiento de aprendizaje y tambi\u00e9n las tareas individuales y las \u00e1reas tem\u00e1ticas en relaci\u00f3n con la escuela y el aprendizaje. Esta base de datos muestra los temas que pueden quedar por desarrollar y, por tanto, practicar y poner en pr\u00e1ctica.<\/p>\n\n\n\n<p><\/p>\n\n\n\n<p><em>Optimizaci\u00f3n Patrones de creencias positivas:<\/em><\/p>\n\n\n\n<p>Reconocer, formar y consolidar patrones de creencias\/creencias positivas en relaci\u00f3n con la escuela y el aprendizaje. Esta base de datos muestra los programas positivos que a\u00fan pueden tener que desarrollarse y que, por lo tanto, deben practicarse y ponerse en pr\u00e1ctica.<\/p>\n\n\n\n<p><\/p>\n\n\n\n<p><strong>Adecuado para:<\/strong><\/p>\n\n\n\n<p>Entrenadores, orientadores, profesores, formadores, psic\u00f3logos, energetistas, ...<\/p>","protected":false},"excerpt":{"rendered":"<p>Konzept\/Vorlage: Schule und Lernen Optimierung Schulprobleme Optimierung Negative Glaubensmuster Optimierung Loslassen Optimierung F\u00e4higkeiten Optimierung Lernen Optimierung Positive Glaubensmuster Mit dem Konzept von \u201eSchule und Lernen\u201c k\u00f6nnen unterschiedliche Themen in Bezug auf Schule und Lernen analysiert und energetisch unterst\u00fctzt werden. Dieses Konzept dient zur Analyse und Bestimmung m\u00f6glicher &#8222;Lernblockaden&#8220; und unterst\u00fctzt den Sch\u00fcler in seiner Schullaufbahn. [&hellip;]<\/p>\n","protected":false},"author":1,"featured_media":0,"parent":0,"menu_order":0,"template":"","format":"standard","meta":{"_acf_changed":false,"footnotes":""},"konzepte_category":[309,307,322,310],"konzepte_tags":[318,323,319,324,315],"class_list":["post-9186","konzepte","type-konzepte","status-publish","format-standard","hentry","konzepte_category-berater","konzepte_category-coach","konzepte_category-energetiker","konzepte_category-privat","konzepte_tags-business","konzepte_tags-energie","konzepte_tags-erfolg","konzepte_tags-persoenlichkeit","konzepte_tags-psychologie"],"acf":[],"_links":{"self":[{"href":"https:\/\/energetisch.fit\/es\/wp-json\/wp\/v2\/konzepte\/9186","targetHints":{"allow":["GET"]}}],"collection":[{"href":"https:\/\/energetisch.fit\/es\/wp-json\/wp\/v2\/konzepte"}],"about":[{"href":"https:\/\/energetisch.fit\/es\/wp-json\/wp\/v2\/types\/konzepte"}],"author":[{"embeddable":true,"href":"https:\/\/energetisch.fit\/es\/wp-json\/wp\/v2\/users\/1"}],"version-history":[{"count":0,"href":"https:\/\/energetisch.fit\/es\/wp-json\/wp\/v2\/konzepte\/9186\/revisions"}],"wp:attachment":[{"href":"https:\/\/energetisch.fit\/es\/wp-json\/wp\/v2\/media?parent=9186"}],"wp:term":[{"taxonomy":"konzepte_category","embeddable":true,"href":"https:\/\/energetisch.fit\/es\/wp-json\/wp\/v2\/konzepte_category?post=9186"},{"taxonomy":"konzepte_tags","embeddable":true,"href":"https:\/\/energetisch.fit\/es\/wp-json\/wp\/v2\/konzepte_tags?post=9186"}],"curies":[{"name":"wp","href":"https:\/\/api.w.org\/{rel}","templated":true}]}}

<p>Concepto/plantilla: <strong>Escuela y aprendizaje</strong></p>



<hr class="wp-block-separator is-style-wide"/>



<ul class="wp-block-list"><li>Optimización de los problemas escolares</li><li>Optimización Patrones de creencias negativas</li><li>Optimización de la liberación</li><li>Capacidad de optimización</li><li>Optimización del aprendizaje</li><li>Optimización Patrones de creencias positivas</li></ul>



<div class="wp-block-columns is-layout-flex wp-container-core-columns-is-layout-9d6595d7 wp-block-columns-is-layout-flex">
<div class="wp-block-column is-layout-flow wp-block-column-is-layout-flow">
<p></p>



<p>Con el concepto de „escuela y aprendizaje“ se pueden analizar y apoyar enérgicamente diversas cuestiones relacionadas con la escuela y el aprendizaje. Este concepto sirve para analizar y determinar posibles „bloqueos del aprendizaje“ y apoya al alumno en su trayectoria escolar.</p>
</div>
</div>



<p>Los problemas de aprendizaje tienen diferentes causas. En la mayoría de los casos, sin embargo, no se trata sólo de una cuestión de „capacidad“, sino mucho más de „deseo“. El objetivo de esta base de datos es encontrar y eliminar los bloqueos para que aprender vuelva a ser divertido. </p>



<p></p>



<p><strong>Contenido (746 registros de datos):</strong></p>



<p><em>Optimización de problemas escolares:</em></p>



<p>Reconocer y resolver los problemas escolares. Esta base de datos trata de los diversos problemas asociados al aprendizaje y a la escuela. Para que el éxito sea efectivo a todos los niveles, es preciso reconocer y resolver estos problemas.</p>



<p></p>



<p><em>Optimización Patrones de creencias negativas:</em></p>



<p>Reconocer y disolver los falsos esquemas de creencias/creencias negativas en relación con la escuela y el aprendizaje. Muy a menudo nuestros falsos programas, que hemos entrenado o adoptado en nuestras vidas, bloquean el camino. Estos pueden ser reconocidos y disueltos aquí.</p>



<p></p>



<p><em>Dejar de lado la optimización:</em></p>



<p>Dejar ir comportamientos y acciones negativas erróneas en relación con la escuela y el aprendizaje. Muy a menudo nuestros programas erróneos, que hemos entrenado o adoptado en nuestras vidas, bloquean el camino. Estos pueden ser reconocidos y disueltos aquí.</p>



<p></p>



<p><em>Capacidad de optimización:</em></p>



<p>Reconocer, entrenar y consolidar habilidades en relación con la escuela y el aprendizaje. Esta base de datos muestra las destrezas y habilidades que aún pueden necesitar ser desarrolladas y, por lo tanto, practicadas y puestas en práctica.</p>



<p></p>



<p><em>Optimización del aprendizaje:</em></p>



<p>Reconocer, entrenar y consolidar el comportamiento de aprendizaje y también las tareas individuales y las áreas temáticas en relación con la escuela y el aprendizaje. Esta base de datos muestra los temas que pueden quedar por desarrollar y, por tanto, practicar y poner en práctica.</p>



<p></p>



<p><em>Optimización Patrones de creencias positivas:</em></p>



<p>Reconocer, formar y consolidar patrones de creencias/creencias positivas en relación con la escuela y el aprendizaje. Esta base de datos muestra los programas positivos que aún pueden tener que desarrollarse y que, por lo tanto, deben practicarse y ponerse en práctica.</p>



<p></p>



<p><strong>Adecuado para:</strong></p>



<p>Entrenadores, orientadores, profesores, formadores, psicólogos, energetistas, ...</p>

<p>Konzept/Vorlage: Schule und Lernen Optimierung Schulprobleme Optimierung Negative Glaubensmuster Optimierung Loslassen Optimierung Fähigkeiten Optimierung Lernen Optimierung Positive Glaubensmuster Mit dem Konzept von „Schule und Lernen“ können unterschiedliche Themen in Bezug auf Schule und Lernen analysiert und energetisch unterstützt werden. Dieses Konzept dient zur Analyse und Bestimmung möglicher &#8222;Lernblockaden&#8220; und unterstützt den Schüler in seiner Schullaufbahn. [&hellip;]</p>
