{"id":9021,"date":"2021-03-31T13:39:52","date_gmt":"2021-03-31T11:39:52","guid":{"rendered":"http:\/\/energetisch.fit\/?post_type=konzepte&#038;p=9021"},"modified":"2021-03-31T15:12:44","modified_gmt":"2021-03-31T13:12:44","slug":"peso-ideal","status":"publish","type":"konzepte","link":"https:\/\/energetisch.fit\/es\/konzepte\/idealgewicht\/","title":{"rendered":"Peso ideal"},"content":{"rendered":"<p>Concepto\/plantilla: <strong>Peso ideal<\/strong><\/p>\n\n\n\n<hr class=\"wp-block-separator is-style-wide\"\/>\n\n\n\n<ul class=\"wp-block-list\"><li>Requisitos b\u00e1sicos<\/li><li>Causas del peso ideal<\/li><li>Tipo de comida<\/li><li>Patrones de creencias negativas Peso<\/li><li>Patrones de creencias positivas Peso<\/li><li>Activaci\u00f3n corporal<\/li><\/ul>\n\n\n\n<div class=\"wp-block-columns is-layout-flex wp-container-core-columns-is-layout-9d6595d7 wp-block-columns-is-layout-flex\">\n<div class=\"wp-block-column is-layout-flow wp-block-column-is-layout-flow\">\n<p><\/p>\n\n\n\n<p>El m\u00f3dulo \u201ePeso ideal\u201c es una herramienta muy \u00fatil para ayudar a regular el peso, hacer dieta o cambiar de r\u00e9gimen. Por supuesto, tambi\u00e9n es importante tomar las medidas adecuadas en t\u00e9rminos de ejercicio y nutrici\u00f3n para alcanzar su peso ideal.<\/p>\n<\/div>\n<\/div>\n\n\n\n<p><\/p>\n\n\n\n<p>Los contenidos de las bases de datos apoyan un cambio de h\u00e1bitos exitoso en relaci\u00f3n con un estilo de vida m\u00e1s consciente para alcanzar y mantener el peso ideal.<\/p>\n\n\n\n<p><\/p>\n\n\n\n<p>En<strong>(117 registros de datos):<\/strong><\/p>\n\n\n\n<p><em>Requisitos b\u00e1sicos:<\/em><\/p>\n\n\n\n<p>Reconocer y apoyar los requisitos b\u00e1sicos para alcanzar el peso ideal. Estos requisitos b\u00e1sicos constituyen la base para cambiar su propio comportamiento.<\/p>\n\n\n\n<p><\/p>\n\n\n\n<p><em>Causas del peso ideal:<\/em><\/p>\n\n\n\n<p>Reconocer y resolver las causas. Se identifican las posibles causas individuales del aumento de peso\/p\u00e9rdida de peso y se resuelven con el apoyo de las frecuencias.<\/p>\n\n\n\n<p><\/p>\n\n\n\n<p><em>Tipo de comida:<\/em><\/p>\n\n\n\n<p>Reconocer el tipo de alimentaci\u00f3n y resolver los h\u00e1bitos alimentarios err\u00f3neos. Al tomar conciencia de los h\u00e1bitos alimentarios err\u00f3neos, tambi\u00e9n se puede lograr un cambio consciente. <\/p>\n\n\n\n<p><\/p>\n\n\n\n<p><em>Patrones de creencias negativas Peso:<\/em><\/p>\n\n\n\n<p>Reconocer y disolver los falsos patrones de creencias negativas en relaci\u00f3n con el peso. La mayor\u00eda de las veces, los programas de falsas creencias que hemos entrenado o adoptado en nuestras vidas se interponen en nuestro camino. Estos pueden ser reconocidos y disueltos aqu\u00ed.<\/p>\n\n\n\n<p><\/p>\n\n\n\n<p><em>Patrones de creencias positivas Peso:<\/em><\/p>\n\n\n\n<p>Reconocer, entrenar y consolidar patrones de creencias positivas en relaci\u00f3n con el peso. Esta base de datos muestra los programas positivos que a\u00fan pueden necesitar ser desarrollados, practicados y puestos en acci\u00f3n.<\/p>\n\n\n\n<p><\/p>\n\n\n\n<p><em>Activaci\u00f3n del cuerpo:<\/em><\/p>\n\n\n\n<p>Reconocer y resolver los trastornos de regulaci\u00f3n que bloquean el peso ideal. El uso de estos conjuntos de datos favorece una regulaci\u00f3n \u00f3ptima del organismo para alcanzar el peso ideal. <\/p>\n\n\n\n<p><\/p>\n\n\n\n<p><strong>Adecuado para:<\/strong><\/p>\n\n\n\n<p>M\u00e9dicos, sanadores naturales\/natur\u00f3patas, psic\u00f3logos, entrenadores de salud, energizantes<\/p>","protected":false},"excerpt":{"rendered":"<p>Konzept\/Vorlage: Idealgewicht Grundvoraussetzungen Idealgewicht Ursachen Ess-Typ Negative Glaubensmuster Gewicht Positive Glaubensmuster Gewicht K\u00f6rper-Aktivierung Das Modul &#8222;Idealgewicht&#8220; ist ein sehr hilfreiches Werkzeug um eine Gewichtsregulierung, Di\u00e4t oder auch Ern\u00e4hrungsumstellung zu begleiten. Nat\u00fcrlich ist es auch wichtig, dementsprechende Ma\u00dfnahmen in der Bewegung und Ern\u00e4hrung zu treffen &#8211; um das Idealgewicht zu erreichen. Die Inhalte der Datenbanken unterst\u00fctzen [&hellip;]<\/p>\n","protected":false},"author":1,"featured_media":0,"parent":0,"menu_order":0,"template":"","format":"standard","meta":{"_acf_changed":false,"footnotes":""},"konzepte_category":[309,307,322,310,308],"konzepte_tags":[323,312,314,313],"class_list":["post-9021","konzepte","type-konzepte","status-publish","format-standard","hentry","konzepte_category-berater","konzepte_category-coach","konzepte_category-energetiker","konzepte_category-privat","konzepte_category-therapeut","konzepte_tags-energie","konzepte_tags-gesundheit","konzepte_tags-krankheitsursachen","konzepte_tags-therapie"],"acf":[],"_links":{"self":[{"href":"https:\/\/energetisch.fit\/es\/wp-json\/wp\/v2\/konzepte\/9021","targetHints":{"allow":["GET"]}}],"collection":[{"href":"https:\/\/energetisch.fit\/es\/wp-json\/wp\/v2\/konzepte"}],"about":[{"href":"https:\/\/energetisch.fit\/es\/wp-json\/wp\/v2\/types\/konzepte"}],"author":[{"embeddable":true,"href":"https:\/\/energetisch.fit\/es\/wp-json\/wp\/v2\/users\/1"}],"version-history":[{"count":0,"href":"https:\/\/energetisch.fit\/es\/wp-json\/wp\/v2\/konzepte\/9021\/revisions"}],"wp:attachment":[{"href":"https:\/\/energetisch.fit\/es\/wp-json\/wp\/v2\/media?parent=9021"}],"wp:term":[{"taxonomy":"konzepte_category","embeddable":true,"href":"https:\/\/energetisch.fit\/es\/wp-json\/wp\/v2\/konzepte_category?post=9021"},{"taxonomy":"konzepte_tags","embeddable":true,"href":"https:\/\/energetisch.fit\/es\/wp-json\/wp\/v2\/konzepte_tags?post=9021"}],"curies":[{"name":"wp","href":"https:\/\/api.w.org\/{rel}","templated":true}]}}

<p>Concepto/plantilla: <strong>Peso ideal</strong></p>



<hr class="wp-block-separator is-style-wide"/>



<ul class="wp-block-list"><li>Requisitos básicos</li><li>Causas del peso ideal</li><li>Tipo de comida</li><li>Patrones de creencias negativas Peso</li><li>Patrones de creencias positivas Peso</li><li>Activación corporal</li></ul>



<div class="wp-block-columns is-layout-flex wp-container-core-columns-is-layout-9d6595d7 wp-block-columns-is-layout-flex">
<div class="wp-block-column is-layout-flow wp-block-column-is-layout-flow">
<p></p>



<p>El módulo „Peso ideal“ es una herramienta muy útil para ayudar a regular el peso, hacer dieta o cambiar de régimen. Por supuesto, también es importante tomar las medidas adecuadas en términos de ejercicio y nutrición para alcanzar su peso ideal.</p>
</div>
</div>



<p></p>



<p>Los contenidos de las bases de datos apoyan un cambio de hábitos exitoso en relación con un estilo de vida más consciente para alcanzar y mantener el peso ideal.</p>



<p></p>



<p>En<strong>(117 registros de datos):</strong></p>



<p><em>Requisitos básicos:</em></p>



<p>Reconocer y apoyar los requisitos básicos para alcanzar el peso ideal. Estos requisitos básicos constituyen la base para cambiar su propio comportamiento.</p>



<p></p>



<p><em>Causas del peso ideal:</em></p>



<p>Reconocer y resolver las causas. Se identifican las posibles causas individuales del aumento de peso/pérdida de peso y se resuelven con el apoyo de las frecuencias.</p>



<p></p>



<p><em>Tipo de comida:</em></p>



<p>Reconocer el tipo de alimentación y resolver los hábitos alimentarios erróneos. Al tomar conciencia de los hábitos alimentarios erróneos, también se puede lograr un cambio consciente. </p>



<p></p>



<p><em>Patrones de creencias negativas Peso:</em></p>



<p>Reconocer y disolver los falsos patrones de creencias negativas en relación con el peso. La mayoría de las veces, los programas de falsas creencias que hemos entrenado o adoptado en nuestras vidas se interponen en nuestro camino. Estos pueden ser reconocidos y disueltos aquí.</p>



<p></p>



<p><em>Patrones de creencias positivas Peso:</em></p>



<p>Reconocer, entrenar y consolidar patrones de creencias positivas en relación con el peso. Esta base de datos muestra los programas positivos que aún pueden necesitar ser desarrollados, practicados y puestos en acción.</p>



<p></p>



<p><em>Activación del cuerpo:</em></p>



<p>Reconocer y resolver los trastornos de regulación que bloquean el peso ideal. El uso de estos conjuntos de datos favorece una regulación óptima del organismo para alcanzar el peso ideal. </p>



<p></p>



<p><strong>Adecuado para:</strong></p>



<p>Médicos, sanadores naturales/naturópatas, psicólogos, entrenadores de salud, energizantes</p>

<p>Konzept/Vorlage: Idealgewicht Grundvoraussetzungen Idealgewicht Ursachen Ess-Typ Negative Glaubensmuster Gewicht Positive Glaubensmuster Gewicht Körper-Aktivierung Das Modul &#8222;Idealgewicht&#8220; ist ein sehr hilfreiches Werkzeug um eine Gewichtsregulierung, Diät oder auch Ernährungsumstellung zu begleiten. Natürlich ist es auch wichtig, dementsprechende Maßnahmen in der Bewegung und Ernährung zu treffen &#8211; um das Idealgewicht zu erreichen. Die Inhalte der Datenbanken unterstützen [&hellip;]</p>
