{"id":8806,"date":"2021-03-26T12:16:07","date_gmt":"2021-03-26T11:16:07","guid":{"rendered":"http:\/\/energetisch.fit\/?post_type=konzepte&#038;p=8806"},"modified":"2021-03-31T10:56:30","modified_gmt":"2021-03-31T08:56:30","slug":"estado-energetico","status":"publish","type":"konzepte","link":"https:\/\/energetisch.fit\/es\/konzepte\/energiestatus\/","title":{"rendered":"Estado energ\u00e9tico"},"content":{"rendered":"<p>Concepto\/plantilla: <strong>Estado energ\u00e9tico<\/strong><\/p>\n\n\n\n<hr class=\"wp-block-separator is-style-wide\"\/>\n\n\n\n<ul class=\"wp-block-list\"><li>Estado energ\u00e9tico<\/li><li>Nivel<\/li><li>Chakra<\/li><li>Meridian<\/li><li>Su<\/li><\/ul>\n\n\n\n<div class=\"wp-block-columns is-layout-flex wp-container-core-columns-is-layout-9d6595d7 wp-block-columns-is-layout-flex\">\n<div class=\"wp-block-column is-layout-flow wp-block-column-is-layout-flow\">\n<p><\/p>\n\n\n\n<p>El estado energ\u00e9tico es ideal tanto para principiantes como para usuarios avanzados. Este sencillo concepto contiene la \u201eherramienta b\u00e1sica\u201c, por as\u00ed decirlo, para reconocer y optimizar las energ\u00edas para el cuerpo, la mente y el alma.<\/p>\n<\/div>\n<\/div>\n\n\n\n<figure class=\"wp-block-embed is-type-video is-provider-youtube wp-block-embed-youtube wp-embed-aspect-16-9 wp-has-aspect-ratio\"><div class=\"wp-block-embed__wrapper\">\n<iframe loading=\"lazy\" title=\"Estado energ\u00e9tico: an\u00e1lisis e interpretaci\u00f3n\" width=\"500\" height=\"281\" src=\"https:\/\/www.youtube.com\/embed\/JuY9jysBUQk?feature=oembed\" frameborder=\"0\" allow=\"accelerometer; autoplay; clipboard-write; encrypted-media; gyroscope; picture-in-picture; web-share\" referrerpolicy=\"strict-origin-when-cross-origin\" allowfullscreen><\/iframe>\n<\/div><\/figure>\n\n\n\n<p><\/p>\n\n\n\n<p>Una buena energ\u00eda b\u00e1sica a todos los niveles es el requisito previo para una vida sana y feliz. Si la energ\u00eda en los chakras y meridianos tambi\u00e9n est\u00e1 equilibrada, entonces nuestro \u201eser\u201c puede desplegarse.<\/p>\n\n\n\n<p><\/p>\n\n\n\n<p><strong>Contenido (43 registros de datos):<\/strong><\/p>\n\n\n\n<p><em>Estado energ\u00e9tico:<\/em><\/p>\n\n\n\n<p>Aqu\u00ed pueden analizarse y optimizarse los componentes y cualidades m\u00e1s importantes para una energ\u00eda y un flujo de energ\u00eda \u00f3ptimos.<\/p>\n\n\n\n<p><\/p>\n\n\n\n<p><em>Nivel:<\/em><\/p>\n\n\n\n<p>El sistema analiza en qu\u00e9 niveles se dispone de suficiente suministro de energ\u00eda.<\/p>\n\n\n\n<p><\/p>\n\n\n\n<p><em>Chakra:<\/em><\/p>\n\n\n\n<p>Los chakras muestran el procesamiento de las emociones y las actividades del sistema nervioso.<\/p>\n\n\n\n<p><\/p>\n\n\n\n<p><em>Meridianos:<\/em><\/p>\n\n\n\n<p>El an\u00e1lisis de los meridianos permite reconocer el suministro de energ\u00eda a los \u00f3rganos.<\/p>\n\n\n\n<p><\/p>\n\n\n\n<p><em>Ser:<\/em><\/p>\n\n\n\n<p>El An\u00e1lisis del Ser muestra en qu\u00e9 \u00e1reas de la vida estamos viajando actualmente.<\/p>\n\n\n\n<p><\/p>\n\n\n\n<p><strong>Adecuado para:<\/strong><\/p>\n\n\n\n<p>M\u00e9dicos, curanderos, psic\u00f3logos, entrenadores de salud, energetistas, ...<\/p>","protected":false},"excerpt":{"rendered":"<p>Konzept\/Vorlage: Energiestatus Energiestatus Ebene Chakra Meridian Sein Der Energiestatus eignet sich hervorragend f\u00fcr Anf\u00e4nger sowie auch fortgeschrittene Anwender. In diesem einfachen Konzept befindet sich sozusagen das &#8222;Grundwerkzeug&#8220; um die Energien f\u00fcr K\u00f6rper, Geist und Seele zu erkennen und zu optimieren. Eine gute Grundenergie auf allen Ebenen ist die Voraussetzung f\u00fcr ein gesundes und gl\u00fcckliches Leben. [&hellip;]<\/p>\n","protected":false},"author":1,"featured_media":0,"parent":0,"menu_order":0,"template":"","format":"standard","meta":{"_acf_changed":false,"footnotes":""},"konzepte_category":[309,307,322,310,311,308],"konzepte_tags":[318,323,312,314],"class_list":["post-8806","konzepte","type-konzepte","status-publish","format-standard","hentry","konzepte_category-berater","konzepte_category-coach","konzepte_category-energetiker","konzepte_category-privat","konzepte_category-spirituell","konzepte_category-therapeut","konzepte_tags-business","konzepte_tags-energie","konzepte_tags-gesundheit","konzepte_tags-krankheitsursachen"],"acf":[],"_links":{"self":[{"href":"https:\/\/energetisch.fit\/es\/wp-json\/wp\/v2\/konzepte\/8806","targetHints":{"allow":["GET"]}}],"collection":[{"href":"https:\/\/energetisch.fit\/es\/wp-json\/wp\/v2\/konzepte"}],"about":[{"href":"https:\/\/energetisch.fit\/es\/wp-json\/wp\/v2\/types\/konzepte"}],"author":[{"embeddable":true,"href":"https:\/\/energetisch.fit\/es\/wp-json\/wp\/v2\/users\/1"}],"version-history":[{"count":0,"href":"https:\/\/energetisch.fit\/es\/wp-json\/wp\/v2\/konzepte\/8806\/revisions"}],"wp:attachment":[{"href":"https:\/\/energetisch.fit\/es\/wp-json\/wp\/v2\/media?parent=8806"}],"wp:term":[{"taxonomy":"konzepte_category","embeddable":true,"href":"https:\/\/energetisch.fit\/es\/wp-json\/wp\/v2\/konzepte_category?post=8806"},{"taxonomy":"konzepte_tags","embeddable":true,"href":"https:\/\/energetisch.fit\/es\/wp-json\/wp\/v2\/konzepte_tags?post=8806"}],"curies":[{"name":"wp","href":"https:\/\/api.w.org\/{rel}","templated":true}]}}

Estado energético

<p>Concepto/plantilla: <strong>Estado energético</strong></p>



<hr class="wp-block-separator is-style-wide"/>



<ul class="wp-block-list"><li>Estado energético</li><li>Nivel</li><li>Chakra</li><li>Meridian</li><li>Su</li></ul>



<div class="wp-block-columns is-layout-flex wp-container-core-columns-is-layout-9d6595d7 wp-block-columns-is-layout-flex">
<div class="wp-block-column is-layout-flow wp-block-column-is-layout-flow">
<p></p>



<p>El estado energético es ideal tanto para principiantes como para usuarios avanzados. Este sencillo concepto contiene la „herramienta básica“, por así decirlo, para reconocer y optimizar las energías para el cuerpo, la mente y el alma.</p>
</div>
</div>



<figure class="wp-block-embed is-type-video is-provider-youtube wp-block-embed-youtube wp-embed-aspect-16-9 wp-has-aspect-ratio"><div class="wp-block-embed__wrapper">
<iframe loading="lazy" title="Estado energético: análisis e interpretación" width="500" height="281" src="https://www.youtube.com/embed/JuY9jysBUQk?feature=oembed" frameborder="0" allow="accelerometer; autoplay; clipboard-write; encrypted-media; gyroscope; picture-in-picture; web-share" referrerpolicy="strict-origin-when-cross-origin" allowfullscreen></iframe>
</div></figure>



<p></p>



<p>Una buena energía básica a todos los niveles es el requisito previo para una vida sana y feliz. Si la energía en los chakras y meridianos también está equilibrada, entonces nuestro „ser“ puede desplegarse.</p>



<p></p>



<p><strong>Contenido (43 registros de datos):</strong></p>



<p><em>Estado energético:</em></p>



<p>Aquí pueden analizarse y optimizarse los componentes y cualidades más importantes para una energía y un flujo de energía óptimos.</p>



<p></p>



<p><em>Nivel:</em></p>



<p>El sistema analiza en qué niveles se dispone de suficiente suministro de energía.</p>



<p></p>



<p><em>Chakra:</em></p>



<p>Los chakras muestran el procesamiento de las emociones y las actividades del sistema nervioso.</p>



<p></p>



<p><em>Meridianos:</em></p>



<p>El análisis de los meridianos permite reconocer el suministro de energía a los órganos.</p>



<p></p>



<p><em>Ser:</em></p>



<p>El Análisis del Ser muestra en qué áreas de la vida estamos viajando actualmente.</p>



<p></p>



<p><strong>Adecuado para:</strong></p>



<p>Médicos, curanderos, psicólogos, entrenadores de salud, energetistas, ...</p>

<p>Konzept/Vorlage: Energiestatus Energiestatus Ebene Chakra Meridian Sein Der Energiestatus eignet sich hervorragend für Anfänger sowie auch fortgeschrittene Anwender. In diesem einfachen Konzept befindet sich sozusagen das &#8222;Grundwerkzeug&#8220; um die Energien für Körper, Geist und Seele zu erkennen und zu optimieren. Eine gute Grundenergie auf allen Ebenen ist die Voraussetzung für ein gesundes und glückliches Leben. [&hellip;]</p>
