{"id":19367,"date":"2023-07-11T08:43:01","date_gmt":"2023-07-11T06:43:01","guid":{"rendered":"http:\/\/energetisch.fit\/?post_type=konzepte&#038;p=19367"},"modified":"2023-07-11T08:43:10","modified_gmt":"2023-07-11T06:43:10","slug":"alergias","status":"publish","type":"konzepte","link":"https:\/\/energetisch.fit\/es\/konzepte\/allergien\/","title":{"rendered":"Alergias"},"content":{"rendered":"<p>Las alergias son reacciones de hipersensibilidad del sistema inmunitario a determinadas sustancias que normalmente son inocuas para el organismo. Estas sustancias se conocen como al\u00e9rgenos y pueden tener diversos desencadenantes, como el polen, el pelo de los animales, ciertos alimentos, los medicamentos o los \u00e1caros del polvo dom\u00e9stico.<\/p>\n\n\n\n<p>Cuando una persona al\u00e9rgica entra en contacto con la sustancia alerg\u00e9nica, su sistema inmunitario reacciona de forma inusual. Produce anticuerpos para combatir al supuesto intruso, lo que puede provocar diversos s\u00edntomas.<\/p>\n\n\n\n<p>Con energetisch.fit, las distintas alergias y al\u00e9rgenos pueden analizarse y corregirse con las frecuencias.<\/p>\n\n\n\n<figure class=\"wp-block-embed is-type-video is-provider-youtube wp-block-embed-youtube wp-embed-aspect-16-9 wp-has-aspect-ratio\"><div class=\"wp-block-embed__wrapper\">\n<iframe loading=\"lazy\" title=\"Concepto\/plantilla alergias\" width=\"500\" height=\"281\" src=\"https:\/\/www.youtube.com\/embed\/pFCdvXCz-mA?feature=oembed\" frameborder=\"0\" allow=\"accelerometer; autoplay; clipboard-write; encrypted-media; gyroscope; picture-in-picture; web-share\" referrerpolicy=\"strict-origin-when-cross-origin\" allowfullscreen><\/iframe>\n<\/div><\/figure>\n\n\n\n<p><\/p>\n\n\n\n<p>Contenido:<\/p>\n\n\n\n<ul class=\"wp-block-list\">\n<li>Alergia principal<\/li>\n\n\n\n<li>Alergia a las frutas<\/li>\n\n\n\n<li>Alergia a las verduras<\/li>\n\n\n\n<li>Alergia a los cereales<\/li>\n\n\n\n<li>Alergia a la leche<\/li>\n\n\n\n<li>Alergia a la carne\/pescado<\/li>\n\n\n\n<li>Alergia alimentaria<\/li>\n\n\n\n<li>Alergia a los aditivos<\/li>\n\n\n\n<li>Alergia al pelo\/epitelios\/pelo de animales<\/li>\n\n\n\n<li>Alergia al polvo\/inhalaci\u00f3n<\/li>\n\n\n\n<li>Alergia al polen<\/li>\n\n\n\n<li>Alergia dom\u00e9stica\/ambiental<\/li>\n\n\n\n<li>Alergia a los insectos<\/li>\n\n\n\n<li>Alergia a los frutos secos<\/li>\n<\/ul>","protected":false},"excerpt":{"rendered":"<p>Allergien sind \u00fcberempfindliche Reaktionen des Immunsystems auf bestimmte Substanzen, die normalerweise f\u00fcr den K\u00f6rper harmlos sind. Diese Substanzen werden als Allergene bezeichnet und k\u00f6nnen verschiedene Ausl\u00f6ser haben, wie zum Beispiel Pollen, Tierhaare, bestimmte Lebensmittel, Medikamente oder Hausstaubmilben. Wenn eine Person mit einer Allergie in Kontakt mit dem allergenen Stoff kommt, reagiert ihr Immunsystem auf ungew\u00f6hnliche [&hellip;]<\/p>\n","protected":false},"author":1,"featured_media":0,"parent":0,"menu_order":0,"template":"","format":"standard","meta":{"_acf_changed":false,"footnotes":""},"konzepte_category":[317,309,307,322,329,310,308],"konzepte_tags":[323,319,312,314,316,324,313],"class_list":["post-19367","konzepte","type-konzepte","status-publish","format-standard","hentry","konzepte_category-aufsteller","konzepte_category-berater","konzepte_category-coach","konzepte_category-energetiker","konzepte_category-geistheiler","konzepte_category-privat","konzepte_category-therapeut","konzepte_tags-energie","konzepte_tags-erfolg","konzepte_tags-gesundheit","konzepte_tags-krankheitsursachen","konzepte_tags-neue-medizin","konzepte_tags-persoenlichkeit","konzepte_tags-therapie"],"acf":[],"_links":{"self":[{"href":"https:\/\/energetisch.fit\/es\/wp-json\/wp\/v2\/konzepte\/19367","targetHints":{"allow":["GET"]}}],"collection":[{"href":"https:\/\/energetisch.fit\/es\/wp-json\/wp\/v2\/konzepte"}],"about":[{"href":"https:\/\/energetisch.fit\/es\/wp-json\/wp\/v2\/types\/konzepte"}],"author":[{"embeddable":true,"href":"https:\/\/energetisch.fit\/es\/wp-json\/wp\/v2\/users\/1"}],"version-history":[{"count":0,"href":"https:\/\/energetisch.fit\/es\/wp-json\/wp\/v2\/konzepte\/19367\/revisions"}],"wp:attachment":[{"href":"https:\/\/energetisch.fit\/es\/wp-json\/wp\/v2\/media?parent=19367"}],"wp:term":[{"taxonomy":"konzepte_category","embeddable":true,"href":"https:\/\/energetisch.fit\/es\/wp-json\/wp\/v2\/konzepte_category?post=19367"},{"taxonomy":"konzepte_tags","embeddable":true,"href":"https:\/\/energetisch.fit\/es\/wp-json\/wp\/v2\/konzepte_tags?post=19367"}],"curies":[{"name":"wp","href":"https:\/\/api.w.org\/{rel}","templated":true}]}}

<p>Las alergias son reacciones de hipersensibilidad del sistema inmunitario a determinadas sustancias que normalmente son inocuas para el organismo. Estas sustancias se conocen como alérgenos y pueden tener diversos desencadenantes, como el polen, el pelo de los animales, ciertos alimentos, los medicamentos o los ácaros del polvo doméstico.</p>



<p>Cuando una persona alérgica entra en contacto con la sustancia alergénica, su sistema inmunitario reacciona de forma inusual. Produce anticuerpos para combatir al supuesto intruso, lo que puede provocar diversos síntomas.</p>



<p>Con energetisch.fit, las distintas alergias y alérgenos pueden analizarse y corregirse con las frecuencias.</p>



<figure class="wp-block-embed is-type-video is-provider-youtube wp-block-embed-youtube wp-embed-aspect-16-9 wp-has-aspect-ratio"><div class="wp-block-embed__wrapper">
<iframe loading="lazy" title="Concepto/plantilla alergias" width="500" height="281" src="https://www.youtube.com/embed/pFCdvXCz-mA?feature=oembed" frameborder="0" allow="accelerometer; autoplay; clipboard-write; encrypted-media; gyroscope; picture-in-picture; web-share" referrerpolicy="strict-origin-when-cross-origin" allowfullscreen></iframe>
</div></figure>



<p></p>



<p>Contenido:</p>



<ul class="wp-block-list">
<li>Alergia principal</li>



<li>Alergia a las frutas</li>



<li>Alergia a las verduras</li>



<li>Alergia a los cereales</li>



<li>Alergia a la leche</li>



<li>Alergia a la carne/pescado</li>



<li>Alergia alimentaria</li>



<li>Alergia a los aditivos</li>



<li>Alergia al pelo/epitelios/pelo de animales</li>



<li>Alergia al polvo/inhalación</li>



<li>Alergia al polen</li>



<li>Alergia doméstica/ambiental</li>



<li>Alergia a los insectos</li>



<li>Alergia a los frutos secos</li>
</ul>

<p>Allergien sind überempfindliche Reaktionen des Immunsystems auf bestimmte Substanzen, die normalerweise für den Körper harmlos sind. Diese Substanzen werden als Allergene bezeichnet und können verschiedene Auslöser haben, wie zum Beispiel Pollen, Tierhaare, bestimmte Lebensmittel, Medikamente oder Hausstaubmilben. Wenn eine Person mit einer Allergie in Kontakt mit dem allergenen Stoff kommt, reagiert ihr Immunsystem auf ungewöhnliche [&hellip;]</p>
