{"id":19339,"date":"2023-07-11T08:25:16","date_gmt":"2023-07-11T06:25:16","guid":{"rendered":"http:\/\/energetisch.fit\/?post_type=konzepte&#038;p=19339"},"modified":"2023-07-11T08:25:23","modified_gmt":"2023-07-11T06:25:23","slug":"medicion-de-la-frecuencia","status":"publish","type":"konzepte","link":"https:\/\/energetisch.fit\/es\/konzepte\/frequenzessenzen\/","title":{"rendered":"Esencias de frecuencia"},"content":{"rendered":"<p>La idea detr\u00e1s de las esencias de frecuencia energ\u00e9tica se basa en el concepto de que todo en nuestro universo tiene una vibraci\u00f3n o frecuencia energ\u00e9tica espec\u00edfica. Estas vibraciones deber\u00edan poder influir en nuestro bienestar f\u00edsico, emocional y mental. Al aplicar las esencias de frecuencia, la informaci\u00f3n energ\u00e9tica de los materiales de origen se transfiere al receptor.<\/p>\n\n\n\n<p>En energetisch.fit se pueden analizar y tratar diferentes esencias de frecuencias.<\/p>\n\n\n\n<figure class=\"wp-block-embed is-type-video is-provider-youtube wp-block-embed-youtube wp-embed-aspect-16-9 wp-has-aspect-ratio\"><div class=\"wp-block-embed__wrapper\">\n<iframe loading=\"lazy\" title=\"Esencias de frecuencia de concepto\/plantilla\" width=\"500\" height=\"281\" src=\"https:\/\/www.youtube.com\/embed\/tcxUkRCz1Do?feature=oembed\" frameborder=\"0\" allow=\"accelerometer; autoplay; clipboard-write; encrypted-media; gyroscope; picture-in-picture; web-share\" referrerpolicy=\"strict-origin-when-cross-origin\" allowfullscreen><\/iframe>\n<\/div><\/figure>\n\n\n\n<p><\/p>\n\n\n\n<p>Contenido:<\/p>\n\n\n\n<ul class=\"wp-block-list\">\n<li>Esencias de frecuencia animal africanas<\/li>\n\n\n\n<li>Esencias de Frecuencia de Arizona<\/li>\n\n\n\n<li>Esencias de frecuencia de flores del arbusto australiano<\/li>\n\n\n\n<li>Esencias de Frecuencias Vivas Australianas<\/li>\n\n\n\n<li>Esencias de frecuencia de flor de \u00e1rbol<\/li>\n\n\n\n<li>Esencias europeas de frecuencia animal<\/li>\n\n\n\n<li>Esencias de frecuencia de cereales<\/li>\n\n\n\n<li>Esencias de frecuencia del Himalaya<\/li>\n\n\n\n<li>Esencias de frecuencia de cactus<\/li>\n\n\n\n<li>Esencias florales californianas de frecuencia<\/li>\n\n\n\n<li>Esencias de frecuencia Love Remedies<\/li>\n\n\n\n<li>Esencias de frecuencia de setas<\/li>\n\n\n\n<li>Esencias de frecuencia animal<\/li>\n\n\n\n<li>Esencias de frecuencia de plantas silvestres<\/li>\n<\/ul>","protected":false},"excerpt":{"rendered":"<p>Die Idee hinter energetischen Frequenzessenzen basiert auf dem Konzept, dass alles in unserem Universum eine spezifische energetische Schwingung oder Frequenz besitzt. Diese Schwingungen sollen auf unser k\u00f6rperliches, emotionales und geistiges Wohlbefinden Einfluss nehmen k\u00f6nnen. Durch die Anwendung der Frequenzessenzen wird die energetische Information der Ausgangsmaterialien auf den Empf\u00e4nger \u00fcbertragen. Bei energetisch.fit k\u00f6nnen verschieden Frequenzessenzen analysiert [&hellip;]<\/p>\n","protected":false},"author":1,"featured_media":0,"parent":0,"menu_order":0,"template":"","format":"standard","meta":{"_acf_changed":false,"footnotes":""},"konzepte_category":[317,309,307,322,329,310,311,308],"konzepte_tags":[323,316,313],"class_list":["post-19339","konzepte","type-konzepte","status-publish","format-standard","hentry","konzepte_category-aufsteller","konzepte_category-berater","konzepte_category-coach","konzepte_category-energetiker","konzepte_category-geistheiler","konzepte_category-privat","konzepte_category-spirituell","konzepte_category-therapeut","konzepte_tags-energie","konzepte_tags-neue-medizin","konzepte_tags-therapie"],"acf":[],"_links":{"self":[{"href":"https:\/\/energetisch.fit\/es\/wp-json\/wp\/v2\/konzepte\/19339","targetHints":{"allow":["GET"]}}],"collection":[{"href":"https:\/\/energetisch.fit\/es\/wp-json\/wp\/v2\/konzepte"}],"about":[{"href":"https:\/\/energetisch.fit\/es\/wp-json\/wp\/v2\/types\/konzepte"}],"author":[{"embeddable":true,"href":"https:\/\/energetisch.fit\/es\/wp-json\/wp\/v2\/users\/1"}],"version-history":[{"count":0,"href":"https:\/\/energetisch.fit\/es\/wp-json\/wp\/v2\/konzepte\/19339\/revisions"}],"wp:attachment":[{"href":"https:\/\/energetisch.fit\/es\/wp-json\/wp\/v2\/media?parent=19339"}],"wp:term":[{"taxonomy":"konzepte_category","embeddable":true,"href":"https:\/\/energetisch.fit\/es\/wp-json\/wp\/v2\/konzepte_category?post=19339"},{"taxonomy":"konzepte_tags","embeddable":true,"href":"https:\/\/energetisch.fit\/es\/wp-json\/wp\/v2\/konzepte_tags?post=19339"}],"curies":[{"name":"wp","href":"https:\/\/api.w.org\/{rel}","templated":true}]}}

<p>La idea detrás de las esencias de frecuencia energética se basa en el concepto de que todo en nuestro universo tiene una vibración o frecuencia energética específica. Estas vibraciones deberían poder influir en nuestro bienestar físico, emocional y mental. Al aplicar las esencias de frecuencia, la información energética de los materiales de origen se transfiere al receptor.</p>



<p>En energetisch.fit se pueden analizar y tratar diferentes esencias de frecuencias.</p>



<figure class="wp-block-embed is-type-video is-provider-youtube wp-block-embed-youtube wp-embed-aspect-16-9 wp-has-aspect-ratio"><div class="wp-block-embed__wrapper">
<iframe loading="lazy" title="Esencias de frecuencia de concepto/plantilla" width="500" height="281" src="https://www.youtube.com/embed/tcxUkRCz1Do?feature=oembed" frameborder="0" allow="accelerometer; autoplay; clipboard-write; encrypted-media; gyroscope; picture-in-picture; web-share" referrerpolicy="strict-origin-when-cross-origin" allowfullscreen></iframe>
</div></figure>



<p></p>



<p>Contenido:</p>



<ul class="wp-block-list">
<li>Esencias de frecuencia animal africanas</li>



<li>Esencias de Frecuencia de Arizona</li>



<li>Esencias de frecuencia de flores del arbusto australiano</li>



<li>Esencias de Frecuencias Vivas Australianas</li>



<li>Esencias de frecuencia de flor de árbol</li>



<li>Esencias europeas de frecuencia animal</li>



<li>Esencias de frecuencia de cereales</li>



<li>Esencias de frecuencia del Himalaya</li>



<li>Esencias de frecuencia de cactus</li>



<li>Esencias florales californianas de frecuencia</li>



<li>Esencias de frecuencia Love Remedies</li>



<li>Esencias de frecuencia de setas</li>



<li>Esencias de frecuencia animal</li>



<li>Esencias de frecuencia de plantas silvestres</li>
</ul>

<p>Die Idee hinter energetischen Frequenzessenzen basiert auf dem Konzept, dass alles in unserem Universum eine spezifische energetische Schwingung oder Frequenz besitzt. Diese Schwingungen sollen auf unser körperliches, emotionales und geistiges Wohlbefinden Einfluss nehmen können. Durch die Anwendung der Frequenzessenzen wird die energetische Information der Ausgangsmaterialien auf den Empfänger übertragen. Bei energetisch.fit können verschieden Frequenzessenzen analysiert [&hellip;]</p>
