{"id":8822,"date":"2021-03-26T13:36:28","date_gmt":"2021-03-26T12:36:28","guid":{"rendered":"http:\/\/energetisch.fit\/?post_type=konzepte&#038;p=8822"},"modified":"2021-03-31T10:56:59","modified_gmt":"2021-03-31T08:56:59","slug":"personality","status":"publish","type":"konzepte","link":"https:\/\/energetisch.fit\/en\/konzepte\/persoenlichkeit\/","title":{"rendered":"Personality"},"content":{"rendered":"<p>Concept\/template: <strong>Personality<\/strong><\/p>\n\n\n\n<hr class=\"wp-block-separator is-style-wide\"\/>\n\n\n\n<ul class=\"wp-block-list\"><li>Basic type\/basic energy<\/li><li>Feelings\/reaction patterns<\/li><li>Conflicts\/traumas<\/li><li>Wrong thought patterns<\/li><li>False emotional patterns<\/li><li>Need\/desire<\/li><li>Suggestion\/solution<\/li><\/ul>\n\n\n\n<div class=\"wp-block-columns is-layout-flex wp-container-core-columns-is-layout-9d6595d7 wp-block-columns-is-layout-flex\">\n<div class=\"wp-block-column is-layout-flow wp-block-column-is-layout-flow\">\n<p><\/p>\n\n\n\n<p>We assume that we are not in the same good mood every day, but that our personality is also very closely linked to our biological rhythms. The personality module is designed to help you recognize yourself better, accept yourself and be able to change.<\/p>\n<\/div>\n<\/div>\n\n\n\n<figure class=\"wp-block-embed is-type-video is-provider-youtube wp-block-embed-youtube wp-embed-aspect-16-9 wp-has-aspect-ratio\"><div class=\"wp-block-embed__wrapper\">\n<iframe loading=\"lazy\" title=\"Personality: analysis and interpretation\" width=\"500\" height=\"281\" src=\"https:\/\/www.youtube.com\/embed\/uD9FNmA3LJI?feature=oembed\" frameborder=\"0\" allow=\"accelerometer; autoplay; clipboard-write; encrypted-media; gyroscope; picture-in-picture; web-share\" referrerpolicy=\"strict-origin-when-cross-origin\" allowfullscreen><\/iframe>\n<\/div><\/figure>\n\n\n\n<p>For life to go in a good direction, often only 3 important steps are necessary:<\/p>\n\n\n\n<ol class=\"wp-block-list\"><li>Recognize what is<\/li><li>Accepting who you are<\/li><li>Letting go, changing and acting<\/li><\/ol>\n\n\n\n<p>The personality concept supports the important steps and makes it easier to take them.<\/p>\n\n\n\n<p><strong>Content (448 data records):<\/strong><\/p>\n\n\n\n<p><em>Basic type\/basic energy:<\/em><\/p>\n\n\n\n<p>The first category analyzes your current basic type or basic energy. Earth, fire, water and air are symbolic basic qualities that describe our basic energy.<\/p>\n\n\n\n<p><\/p>\n\n\n\n<p><em>Feelings\/reaction patterns:<\/em><\/p>\n\n\n\n<p>As a second step, we evaluate the feelings and your reaction patterns and recognize whether we are more likely to fall into a negative or positive reaction pattern.<\/p>\n\n\n\n<p><\/p>\n\n\n\n<p><em>Conflicts\/traumas:<\/em><\/p>\n\n\n\n<p>In order to understand these feelings more precisely, we analyze the underlying conflict and the trauma that may still need to be resolved.<\/p>\n\n\n\n<p><\/p>\n\n\n\n<p><em>Wrong thought patterns:<\/em><\/p>\n\n\n\n<p>By analyzing the wrong thought patterns, our mental programs can be analyzed and also corrected.<\/p>\n\n\n\n<p><\/p>\n\n\n\n<p><em>False emotional patterns:<\/em><\/p>\n\n\n\n<p>Our thought patterns very often hide our false emotional patterns, which show us exactly which emotional programs are hidden behind them.<\/p>\n\n\n\n<p><\/p>\n\n\n\n<p><em>Need\/desire:<\/em><\/p>\n\n\n\n<p>The next step is to recognize what unfulfilled needs lie behind these programs, what deep and real desires need to be fulfilled in order for us to develop optimally.<\/p>\n\n\n\n<p><\/p>\n\n\n\n<p><em>Suggestions\/solutions:<\/em><\/p>\n\n\n\n<p>At the end of the module, we analyze the best suggestions and solutions that we need for optimal personal development. Of course, this is also about putting these solutions into practice.<\/p>\n\n\n\n<p><strong>Suitable for:<\/strong><\/p>\n\n\n\n<p>Psychologists, coaches, counselors, energeticists, personality coaches, ...<\/p>","protected":false},"excerpt":{"rendered":"<p>Konzept\/Vorlage: Pers\u00f6nlichkeit Grundtyp\/Grundenergie Gef\u00fchle\/Reaktionsmuster Konflikte\/Traumata Falsche Denkmuster Falsche Gef\u00fchlsmuster Bed\u00fcrfnis\/Wunsch Anregung\/L\u00f6sung Wir gehen davon aus, dass wir nicht jeden Tag gleich gut drauf sind, sondern dass unsere Pers\u00f6nlichkeit auch sehr eng mit unseren biologischen Rhythmen verbunden sind. Das Pers\u00f6nlichkeitsmodul soll dabei helfen, sich selbst besser zu erkennen, sich annehmen und auch ver\u00e4ndern zu k\u00f6nnen. Damit [&hellip;]<\/p>\n","protected":false},"author":1,"featured_media":0,"parent":0,"menu_order":0,"template":"","format":"standard","meta":{"_acf_changed":false,"footnotes":""},"konzepte_category":[309,307,322,310,311],"konzepte_tags":[318,323,319,324,315,313],"class_list":["post-8822","konzepte","type-konzepte","status-publish","format-standard","hentry","konzepte_category-berater","konzepte_category-coach","konzepte_category-energetiker","konzepte_category-privat","konzepte_category-spirituell","konzepte_tags-business","konzepte_tags-energie","konzepte_tags-erfolg","konzepte_tags-persoenlichkeit","konzepte_tags-psychologie","konzepte_tags-therapie"],"acf":[],"_links":{"self":[{"href":"https:\/\/energetisch.fit\/en\/wp-json\/wp\/v2\/konzepte\/8822","targetHints":{"allow":["GET"]}}],"collection":[{"href":"https:\/\/energetisch.fit\/en\/wp-json\/wp\/v2\/konzepte"}],"about":[{"href":"https:\/\/energetisch.fit\/en\/wp-json\/wp\/v2\/types\/konzepte"}],"author":[{"embeddable":true,"href":"https:\/\/energetisch.fit\/en\/wp-json\/wp\/v2\/users\/1"}],"version-history":[{"count":0,"href":"https:\/\/energetisch.fit\/en\/wp-json\/wp\/v2\/konzepte\/8822\/revisions"}],"wp:attachment":[{"href":"https:\/\/energetisch.fit\/en\/wp-json\/wp\/v2\/media?parent=8822"}],"wp:term":[{"taxonomy":"konzepte_category","embeddable":true,"href":"https:\/\/energetisch.fit\/en\/wp-json\/wp\/v2\/konzepte_category?post=8822"},{"taxonomy":"konzepte_tags","embeddable":true,"href":"https:\/\/energetisch.fit\/en\/wp-json\/wp\/v2\/konzepte_tags?post=8822"}],"curies":[{"name":"wp","href":"https:\/\/api.w.org\/{rel}","templated":true}]}}

<p>Konzept/Vorlage: Persönlichkeit Grundtyp/Grundenergie Gefühle/Reaktionsmuster Konflikte/Traumata Falsche Denkmuster Falsche Gefühlsmuster Bedürfnis/Wunsch Anregung/Lösung Wir gehen davon aus, dass wir nicht jeden Tag gleich gut drauf sind, sondern dass unsere Persönlichkeit auch sehr eng mit unseren biologischen Rhythmen verbunden sind. Das Persönlichkeitsmodul soll dabei helfen, sich selbst besser zu erkennen, sich annehmen und auch verändern zu können. Damit [&hellip;]</p>
