{"id":8806,"date":"2021-03-26T12:16:07","date_gmt":"2021-03-26T11:16:07","guid":{"rendered":"http:\/\/energetisch.fit\/?post_type=konzepte&#038;p=8806"},"modified":"2021-03-31T10:56:30","modified_gmt":"2021-03-31T08:56:30","slug":"energiestatus","status":"publish","type":"konzepte","link":"https:\/\/energetisch.fit\/de_de\/konzepte\/energiestatus\/","title":{"rendered":"Energiestatus"},"content":{"rendered":"\n<p>Konzept\/Vorlage: <strong>Energiestatus<\/strong><\/p>\n\n\n\n<hr class=\"wp-block-separator is-style-wide\"\/>\n\n\n\n<ul class=\"wp-block-list\"><li>Energiestatus<\/li><li>Ebene<\/li><li>Chakra<\/li><li>Meridian<\/li><li>Sein<\/li><\/ul>\n\n\n\n<div class=\"wp-block-columns is-layout-flex wp-container-core-columns-is-layout-9d6595d7 wp-block-columns-is-layout-flex\">\n<div class=\"wp-block-column is-layout-flow wp-block-column-is-layout-flow\">\n<p><\/p>\n\n\n\n<p>Der Energiestatus eignet sich hervorragend f\u00fcr Anf\u00e4nger sowie auch fortgeschrittene Anwender. In diesem einfachen Konzept befindet sich sozusagen das &#8222;Grundwerkzeug&#8220; um die Energien f\u00fcr K\u00f6rper, Geist und Seele zu erkennen und zu optimieren.<\/p>\n<\/div>\n<\/div>\n\n\n\n<figure class=\"wp-block-embed is-type-video is-provider-youtube wp-block-embed-youtube wp-embed-aspect-16-9 wp-has-aspect-ratio\"><div class=\"wp-block-embed__wrapper\">\n<iframe loading=\"lazy\" title=\"Energiestatus: Analyse und Interpretation\" width=\"500\" height=\"281\" src=\"https:\/\/www.youtube.com\/embed\/JuY9jysBUQk?feature=oembed\" frameborder=\"0\" allow=\"accelerometer; autoplay; clipboard-write; encrypted-media; gyroscope; picture-in-picture; web-share\" referrerpolicy=\"strict-origin-when-cross-origin\" allowfullscreen><\/iframe>\n<\/div><\/figure>\n\n\n\n<p><\/p>\n\n\n\n<p>Eine gute Grundenergie auf allen Ebenen ist die Voraussetzung f\u00fcr ein gesundes und gl\u00fcckliches Leben. Wenn dann noch die Energie in den Chakren und den Meridianen ausgeglichen ist, dann kann sich unser &#8222;Sein&#8220; entfalten.<\/p>\n\n\n\n<p><\/p>\n\n\n\n<p><strong>Inhalt (43 Datens\u00e4tze):<\/strong><\/p>\n\n\n\n<p><em>Energiestatus:<\/em><\/p>\n\n\n\n<p>Hier lassen sich die wichtigsten Komponenten und Qualit\u00e4ten f\u00fcr eine optimale Energie und einen optimalen Energiefluss analysieren und optimieren.<\/p>\n\n\n\n<p><\/p>\n\n\n\n<p><em>Ebene:<\/em><\/p>\n\n\n\n<p>Das Schema analysiert auf welchen Ebenen gen\u00fcgend Energieversorgung vorhanden ist.<\/p>\n\n\n\n<p><\/p>\n\n\n\n<p><em>Chakra:<\/em><\/p>\n\n\n\n<p>Die Chakren zeigen die Verarbeitung der Gef\u00fchle und die Aktivit\u00e4ten des Nervensystems.<\/p>\n\n\n\n<p><\/p>\n\n\n\n<p><em>Meridiane:<\/em><\/p>\n\n\n\n<p>Anhand der Meridiananalyse erkennt man die energetische Versorgung der Organe.<\/p>\n\n\n\n<p><\/p>\n\n\n\n<p><em>Sein:<\/em><\/p>\n\n\n\n<p>Die Sein-Analyse zeigt an, in welchen Lebensbereichen wir momentan unterwegs sind.<\/p>\n\n\n\n<p><\/p>\n\n\n\n<p><strong>Geeignet f\u00fcr:<\/strong><\/p>\n\n\n\n<p>\u00c4rzte, Naturheiler\/ Heilpraktiker, Psychologen, Gesundheits-Coaches, Energetiker, &#8230;<\/p>\n","protected":false},"excerpt":{"rendered":"<p>Konzept\/Vorlage: Energiestatus Energiestatus Ebene Chakra Meridian Sein Der Energiestatus eignet sich hervorragend f\u00fcr Anf\u00e4nger sowie auch fortgeschrittene Anwender. In diesem einfachen Konzept befindet sich sozusagen das &#8222;Grundwerkzeug&#8220; um die Energien f\u00fcr K\u00f6rper, Geist und Seele zu erkennen und zu optimieren. Eine gute Grundenergie auf allen Ebenen ist die Voraussetzung f\u00fcr ein gesundes und gl\u00fcckliches Leben. [&hellip;]<\/p>\n","protected":false},"author":1,"featured_media":0,"parent":0,"menu_order":0,"template":"","format":"standard","meta":{"_acf_changed":false,"footnotes":""},"konzepte_category":[309,307,322,310,311,308],"konzepte_tags":[318,323,312,314],"class_list":["post-8806","konzepte","type-konzepte","status-publish","format-standard","hentry","konzepte_category-berater","konzepte_category-coach","konzepte_category-energetiker","konzepte_category-privat","konzepte_category-spirituell","konzepte_category-therapeut","konzepte_tags-business","konzepte_tags-energie","konzepte_tags-gesundheit","konzepte_tags-krankheitsursachen"],"acf":[],"_links":{"self":[{"href":"https:\/\/energetisch.fit\/de_de\/wp-json\/wp\/v2\/konzepte\/8806","targetHints":{"allow":["GET"]}}],"collection":[{"href":"https:\/\/energetisch.fit\/de_de\/wp-json\/wp\/v2\/konzepte"}],"about":[{"href":"https:\/\/energetisch.fit\/de_de\/wp-json\/wp\/v2\/types\/konzepte"}],"author":[{"embeddable":true,"href":"https:\/\/energetisch.fit\/de_de\/wp-json\/wp\/v2\/users\/1"}],"version-history":[{"count":0,"href":"https:\/\/energetisch.fit\/de_de\/wp-json\/wp\/v2\/konzepte\/8806\/revisions"}],"wp:attachment":[{"href":"https:\/\/energetisch.fit\/de_de\/wp-json\/wp\/v2\/media?parent=8806"}],"wp:term":[{"taxonomy":"konzepte_category","embeddable":true,"href":"https:\/\/energetisch.fit\/de_de\/wp-json\/wp\/v2\/konzepte_category?post=8806"},{"taxonomy":"konzepte_tags","embeddable":true,"href":"https:\/\/energetisch.fit\/de_de\/wp-json\/wp\/v2\/konzepte_tags?post=8806"}],"curies":[{"name":"wp","href":"https:\/\/api.w.org\/{rel}","templated":true}]}}

<p>Konzept/Vorlage: <strong>Energiestatus</strong></p>



<hr class="wp-block-separator is-style-wide"/>



<ul class="wp-block-list"><li>Energiestatus</li><li>Ebene</li><li>Chakra</li><li>Meridian</li><li>Sein</li></ul>



<div class="wp-block-columns is-layout-flex wp-container-core-columns-is-layout-9d6595d7 wp-block-columns-is-layout-flex">
<div class="wp-block-column is-layout-flow wp-block-column-is-layout-flow">
<p></p>



<p>Der Energiestatus eignet sich hervorragend für Anfänger sowie auch fortgeschrittene Anwender. In diesem einfachen Konzept befindet sich sozusagen das &#8222;Grundwerkzeug&#8220; um die Energien für Körper, Geist und Seele zu erkennen und zu optimieren.</p>
</div>
</div>



<figure class="wp-block-embed is-type-video is-provider-youtube wp-block-embed-youtube wp-embed-aspect-16-9 wp-has-aspect-ratio"><div class="wp-block-embed__wrapper">
<iframe loading="lazy" title="Energiestatus: Analyse und Interpretation" width="500" height="281" src="https://www.youtube.com/embed/JuY9jysBUQk?feature=oembed" frameborder="0" allow="accelerometer; autoplay; clipboard-write; encrypted-media; gyroscope; picture-in-picture; web-share" referrerpolicy="strict-origin-when-cross-origin" allowfullscreen></iframe>
</div></figure>



<p></p>



<p>Eine gute Grundenergie auf allen Ebenen ist die Voraussetzung für ein gesundes und glückliches Leben. Wenn dann noch die Energie in den Chakren und den Meridianen ausgeglichen ist, dann kann sich unser &#8222;Sein&#8220; entfalten.</p>



<p></p>



<p><strong>Inhalt (43 Datensätze):</strong></p>



<p><em>Energiestatus:</em></p>



<p>Hier lassen sich die wichtigsten Komponenten und Qualitäten für eine optimale Energie und einen optimalen Energiefluss analysieren und optimieren.</p>



<p></p>



<p><em>Ebene:</em></p>



<p>Das Schema analysiert auf welchen Ebenen genügend Energieversorgung vorhanden ist.</p>



<p></p>



<p><em>Chakra:</em></p>



<p>Die Chakren zeigen die Verarbeitung der Gefühle und die Aktivitäten des Nervensystems.</p>



<p></p>



<p><em>Meridiane:</em></p>



<p>Anhand der Meridiananalyse erkennt man die energetische Versorgung der Organe.</p>



<p></p>



<p><em>Sein:</em></p>



<p>Die Sein-Analyse zeigt an, in welchen Lebensbereichen wir momentan unterwegs sind.</p>



<p></p>



<p><strong>Geeignet für:</strong></p>



<p>Ärzte, Naturheiler/ Heilpraktiker, Psychologen, Gesundheits-Coaches, Energetiker, &#8230;</p>

<p>Konzept/Vorlage: Energiestatus Energiestatus Ebene Chakra Meridian Sein Der Energiestatus eignet sich hervorragend für Anfänger sowie auch fortgeschrittene Anwender. In diesem einfachen Konzept befindet sich sozusagen das &#8222;Grundwerkzeug&#8220; um die Energien für Körper, Geist und Seele zu erkennen und zu optimieren. Eine gute Grundenergie auf allen Ebenen ist die Voraussetzung für ein gesundes und glückliches Leben. [&hellip;]</p>
